Last updated on 2025-04-29 19:50:26 CEST.
Flavor | Version | Tinstall | Tcheck | Ttotal | Status | Flags |
---|---|---|---|---|---|---|
r-devel-linux-x86_64-debian-clang | 0.2.0 | 14.70 | 97.26 | 111.96 | NOTE | |
r-devel-linux-x86_64-debian-gcc | 0.2.0 | 10.78 | 63.85 | 74.63 | NOTE | |
r-devel-linux-x86_64-fedora-clang | 0.2.0 | 173.87 | OK | |||
r-devel-linux-x86_64-fedora-gcc | 0.2.0 | 162.39 | OK | |||
r-devel-windows-x86_64 | 0.2.0 | 16.00 | 103.00 | 119.00 | OK | |
r-patched-linux-x86_64 | 0.2.0 | 13.09 | 90.80 | 103.89 | OK | |
r-release-linux-x86_64 | 0.2.0 | 14.76 | 91.60 | 106.36 | OK | |
r-release-macos-arm64 | 0.2.0 | 52.00 | OK | |||
r-release-macos-x86_64 | 0.2.0 | 87.00 | OK | |||
r-release-windows-x86_64 | 0.2.0 | 17.00 | 103.00 | 120.00 | OK | |
r-oldrel-macos-arm64 | 0.2.0 | 44.00 | OK | |||
r-oldrel-macos-x86_64 | 0.2.0 | 70.00 | OK | |||
r-oldrel-windows-x86_64 | 0.2.0 | 21.00 | 132.00 | 153.00 | OK |
Version: 0.2.0
Check: examples
Result: NOTE
Examples with CPU (user + system) or elapsed time > 5s
user system elapsed
binom_PRC_h 9.556 0.125 12.607
Flavor: r-devel-linux-x86_64-debian-clang
Version: 0.2.0
Check: examples
Result: NOTE
Examples with CPU (user + system) or elapsed time > 5s
user system elapsed
binom_PRC_h 5.508 0.153 7.513
Flavor: r-devel-linux-x86_64-debian-gcc