Last updated on 2025-10-12 01:49:49 CEST.
Flavor | Version | Tinstall | Tcheck | Ttotal | Status | Flags |
---|---|---|---|---|---|---|
r-devel-linux-x86_64-debian-clang | 0.1.5 | 78.23 | 160.80 | 239.03 | OK | |
r-devel-linux-x86_64-debian-gcc | 0.1.5 | 53.71 | 101.83 | 155.54 | OK | |
r-devel-linux-x86_64-fedora-clang | 0.1.5 | 424.43 | OK | |||
r-devel-linux-x86_64-fedora-gcc | 0.1.5 | 389.60 | OK | |||
r-devel-windows-x86_64 | 0.1.5 | 85.00 | 232.00 | 317.00 | OK | |
r-patched-linux-x86_64 | 0.1.5 | 79.11 | 139.68 | 218.79 | OK | |
r-release-linux-x86_64 | 0.1.5 | 75.40 | 140.25 | 215.65 | OK | |
r-release-macos-arm64 | 0.1.5 | 116.00 | OK | |||
r-release-macos-x86_64 | 0.1.5 | 227.00 | OK | |||
r-release-windows-x86_64 | 0.1.5 | 87.00 | 230.00 | 317.00 | OK | |
r-oldrel-macos-arm64 | 0.1.5 | 244.00 | NOTE | |||
r-oldrel-macos-x86_64 | 0.1.5 | 323.00 | NOTE | |||
r-oldrel-windows-x86_64 | 0.1.5 | 96.00 | 267.00 | 363.00 | OK |
Version: 0.1.5
Check: installed package size
Result: NOTE
installed size is 7.2Mb
sub-directories of 1Mb or more:
libs 6.6Mb
Flavors: r-oldrel-macos-arm64, r-oldrel-macos-x86_64