Last updated on 2025-05-05 09:49:20 CEST.
Flavor | Version | Tinstall | Tcheck | Ttotal | Status | Flags |
---|---|---|---|---|---|---|
r-devel-linux-x86_64-debian-clang | 2.4 | 4.95 | 30.09 | 35.04 | NOTE | |
r-devel-linux-x86_64-debian-gcc | 2.4 | 3.75 | 21.85 | 25.60 | NOTE | |
r-devel-linux-x86_64-fedora-clang | 2.4 | 55.70 | OK | |||
r-devel-linux-x86_64-fedora-gcc | 2.4 | 51.99 | OK | |||
r-devel-windows-x86_64 | 2.4 | 10.00 | 55.00 | 65.00 | OK | |
r-patched-linux-x86_64 | 2.4 | 4.35 | 26.54 | 30.89 | OK | |
r-release-linux-x86_64 | 2.4 | 4.79 | 27.08 | 31.87 | OK | |
r-release-macos-arm64 | 2.4 | 24.00 | OK | |||
r-release-macos-x86_64 | 2.4 | 37.00 | OK | |||
r-release-windows-x86_64 | 2.4 | 9.00 | 58.00 | 67.00 | OK | |
r-oldrel-macos-arm64 | 2.4 | 27.00 | OK | |||
r-oldrel-macos-x86_64 | 2.4 | 30.00 | OK | |||
r-oldrel-windows-x86_64 | 2.4 | 8.00 | 54.00 | 62.00 | OK |
Version: 2.4
Check: CRAN incoming feasibility
Result: NOTE
Maintainer: ‘Dries F. Benoit <Dries.Benoit@UGent.be>’
No Authors@R field in DESCRIPTION.
Please add one, modifying
Authors@R: c(person(given = c("Dries", "F."),
family = "Benoit",
role = c("aut", "cre"),
email = "dries.benoit@ugent.be"),
person(given = "Rahim",
family = "Al-Hamzawi",
role = "aut"),
person(given = "Keming",
family = "Yu",
role = "aut"),
person(given = "Dirk",
family = "Van den Poel",
role = "aut"))
as necessary.
Flavors: r-devel-linux-x86_64-debian-clang, r-devel-linux-x86_64-debian-gcc