Last updated on 2024-07-01 00:49:39 CEST.
Flavor | Version | Tinstall | Tcheck | Ttotal | Status | Flags |
---|---|---|---|---|---|---|
r-devel-linux-x86_64-debian-clang | 0.6-1 | 91.96 | 116.42 | 208.38 | OK | |
r-devel-linux-x86_64-debian-gcc | 0.6-1 | 61.40 | 90.56 | 151.96 | OK | |
r-devel-linux-x86_64-fedora-clang | 0.6-1 | 274.48 | OK | |||
r-devel-linux-x86_64-fedora-gcc | 0.6-1 | 293.79 | OK | |||
r-devel-windows-x86_64 | 0.6-1 | 68.00 | 149.00 | 217.00 | OK | |
r-patched-linux-x86_64 | 0.6-1 | 75.80 | 112.03 | 187.83 | OK | |
r-release-linux-x86_64 | 0.6-1 | 67.11 | 112.76 | 179.87 | OK | |
r-release-macos-arm64 | 0.6-1 | 78.00 | NOTE | |||
r-release-macos-x86_64 | 0.6-1 | 130.00 | NOTE | |||
r-release-windows-x86_64 | 0.6-1 | 68.00 | 147.00 | 215.00 | OK | |
r-oldrel-macos-arm64 | 0.6-1 | 90.00 | NOTE | |||
r-oldrel-macos-x86_64 | 0.6-1 | 150.00 | NOTE | |||
r-oldrel-windows-x86_64 | 0.6-1 | 84.00 | 166.00 | 250.00 | OK |
Version: 0.6-1
Check: installed package size
Result: NOTE
installed size is 7.8Mb
sub-directories of 1Mb or more:
data 2.7Mb
libs 4.3Mb
Flavors: r-release-macos-arm64, r-release-macos-x86_64, r-oldrel-macos-arm64, r-oldrel-macos-x86_64