Last updated on 2025-10-31 07:51:40 CET.
| Flavor | Version | Tinstall | Tcheck | Ttotal | Status | Flags | 
|---|---|---|---|---|---|---|
| r-devel-linux-x86_64-debian-clang | 2.1.10 | 2.43 | 28.63 | 31.06 | NOTE | |
| r-devel-linux-x86_64-debian-gcc | 2.1.10 | 2.39 | 22.07 | 24.46 | NOTE | |
| r-devel-linux-x86_64-fedora-clang | 2.1.10 | 45.63 | OK | |||
| r-devel-linux-x86_64-fedora-gcc | 2.1.10 | 44.65 | OK | |||
| r-devel-windows-x86_64 | 2.1.10 | 6.00 | 53.00 | 59.00 | OK | |
| r-patched-linux-x86_64 | 2.1.10 | 2.74 | 26.77 | 29.51 | OK | |
| r-release-linux-x86_64 | 2.1.10 | 2.29 | 26.46 | 28.75 | OK | |
| r-release-macos-arm64 | 2.1.10 | 2.00 | 19.00 | 21.00 | OK | |
| r-release-macos-x86_64 | 2.1.10 | 4.00 | 31.00 | 35.00 | OK | |
| r-release-windows-x86_64 | 2.1.10 | 9.00 | 57.00 | 66.00 | OK | |
| r-oldrel-macos-arm64 | 2.1.10 | 3.00 | 23.00 | 26.00 | OK | |
| r-oldrel-macos-x86_64 | 2.1.10 | 3.00 | 25.00 | 28.00 | OK | |
| r-oldrel-windows-x86_64 | 2.1.10 | 7.00 | 61.00 | 68.00 | OK | 
Version: 2.1.10
Check: CRAN incoming feasibility
Result: NOTE
  Maintainer: ‘David Ardia <david.ardia.ch@gmail.com>’
  
  Package CITATION file contains call(s) to old-style personList() or
  as.personList().  Please use c() on person objects instead.
  Package CITATION file contains call(s) to old-style citEntry().  Please
  use bibentry() instead.
Flavors: r-devel-linux-x86_64-debian-clang, r-devel-linux-x86_64-debian-gcc