Last updated on 2025-04-29 13:51:16 CEST.
Flavor | Version | Tinstall | Tcheck | Ttotal | Status | Flags |
---|---|---|---|---|---|---|
r-devel-linux-x86_64-debian-clang | 2.2.1 | 151.70 | 423.78 | 575.48 | NOTE | |
r-devel-linux-x86_64-debian-gcc | 2.2.1 | 104.16 | 126.11 | 230.27 | OK | |
r-devel-linux-x86_64-fedora-clang | 2.2.1 | 750.06 | OK | |||
r-devel-linux-x86_64-fedora-gcc | 2.2.1 | 563.16 | OK | |||
r-devel-windows-x86_64 | 2.2.1 | 170.00 | 221.00 | 391.00 | OK | |
r-patched-linux-x86_64 | 2.2.1 | 138.92 | 170.58 | 309.50 | OK | |
r-release-linux-x86_64 | 2.2.1 | 139.28 | 170.86 | 310.14 | OK | |
r-release-macos-arm64 | 2.2.1 | 128.00 | OK | |||
r-release-macos-x86_64 | 2.2.1 | 320.00 | OK | |||
r-release-windows-x86_64 | 2.2.1 | 176.00 | 224.00 | 400.00 | OK | |
r-oldrel-macos-arm64 | 2.2.1 | 139.00 | NOTE | |||
r-oldrel-macos-x86_64 | 2.2.1 | 207.00 | NOTE | |||
r-oldrel-windows-x86_64 | 2.2.1 | 193.00 | 271.00 | 464.00 | OK |
Version: 2.2.1
Check: examples
Result: NOTE
Examples with CPU (user + system) or elapsed time > 5s
user system elapsed
plotSampledClusterMeans 6.278 0.055 7.927
Flavor: r-devel-linux-x86_64-debian-clang
Version: 2.2.1
Check: installed package size
Result: NOTE
installed size is 7.2Mb
sub-directories of 1Mb or more:
libs 6.8Mb
Flavors: r-oldrel-macos-arm64, r-oldrel-macos-x86_64