CRAN Package Check Results for Package basemodels

Last updated on 2025-04-29 19:50:26 CEST.

Flavor Version Tinstall Tcheck Ttotal Status Flags
r-devel-linux-x86_64-debian-clang 1.1.0 1.87 30.67 32.54 NOTE
r-devel-linux-x86_64-debian-gcc 1.1.0 1.47 23.27 24.74 OK
r-devel-linux-x86_64-fedora-clang 1.1.0 52.91 OK
r-devel-linux-x86_64-fedora-gcc 1.1.0 62.12 OK
r-devel-windows-x86_64 1.1.0 3.00 52.00 55.00 OK
r-patched-linux-x86_64 1.1.0 1.93 29.08 31.01 OK
r-release-linux-x86_64 1.1.0 1.58 29.09 30.67 OK
r-release-macos-arm64 1.1.0 35.00 OK
r-release-macos-x86_64 1.1.0 49.00 OK
r-release-windows-x86_64 1.1.0 3.00 55.00 58.00 OK
r-oldrel-macos-arm64 1.1.0 37.00 OK
r-oldrel-macos-x86_64 1.1.0 38.00 OK
r-oldrel-windows-x86_64 1.1.0 3.00 57.00 60.00 OK

Check Details

Version: 1.1.0
Check: examples
Result: NOTE Examples with CPU (user + system) or elapsed time > 5s user system elapsed dummyClassifier 4.208 0.309 7.155 Flavor: r-devel-linux-x86_64-debian-clang