Last updated on 2025-05-09 04:51:51 CEST.
Flavor | Version | Tinstall | Tcheck | Ttotal | Status | Flags |
---|---|---|---|---|---|---|
r-devel-linux-x86_64-debian-clang | 0.1.4 | 1.82 | 23.01 | 24.83 | NOTE | |
r-devel-linux-x86_64-debian-gcc | 0.1.4 | 1.56 | 19.47 | 21.03 | NOTE | |
r-devel-linux-x86_64-fedora-clang | 0.1.4 | 37.81 | OK | |||
r-devel-linux-x86_64-fedora-gcc | 0.1.4 | 36.14 | OK | |||
r-devel-windows-x86_64 | 0.1.4 | 6.00 | 62.00 | 68.00 | OK | |
r-patched-linux-x86_64 | 0.1.4 | 2.05 | 21.43 | 23.48 | OK | |
r-release-linux-x86_64 | 0.1.4 | 2.02 | 21.33 | 23.35 | OK | |
r-release-macos-arm64 | 0.1.4 | 36.00 | OK | |||
r-release-macos-x86_64 | 0.1.4 | 31.00 | OK | |||
r-release-windows-x86_64 | 0.1.4 | 7.00 | 65.00 | 72.00 | OK | |
r-oldrel-macos-arm64 | 0.1.4 | 18.00 | OK | |||
r-oldrel-macos-x86_64 | 0.1.4 | 25.00 | OK | |||
r-oldrel-windows-x86_64 | 0.1.4 | 6.00 | 64.00 | 70.00 | OK |
Version: 0.1.4
Check: CRAN incoming feasibility
Result: NOTE
Maintainer: ‘Simon Urbanek <simon.urbanek@R-project.org>’
Package CITATION file contains call(s) to old-style personList() or
as.personList(). Please use c() on person objects instead.
Package CITATION file contains call(s) to old-style citEntry(). Please
use bibentry() instead.
Flavors: r-devel-linux-x86_64-debian-clang, r-devel-linux-x86_64-debian-gcc