Last updated on 2025-07-21 20:49:55 CEST.
Flavor | Version | Tinstall | Tcheck | Ttotal | Status | Flags |
---|---|---|---|---|---|---|
r-devel-linux-x86_64-debian-clang | 0.4.1 | 4.00 | 105.53 | 109.53 | OK | |
r-devel-linux-x86_64-debian-gcc | 0.4.1 | 2.73 | 69.59 | 72.32 | OK | |
r-devel-linux-x86_64-fedora-clang | 0.4.1 | 155.47 | NOTE | |||
r-devel-linux-x86_64-fedora-gcc | 0.4.1 | 152.33 | NOTE | |||
r-devel-windows-x86_64 | 0.4.1 | 7.00 | 102.00 | 109.00 | OK | |
r-patched-linux-x86_64 | 0.4.1 | 3.90 | 89.22 | 93.12 | OK | |
r-release-linux-x86_64 | 0.4.1 | 4.08 | 88.80 | 92.88 | OK | |
r-release-macos-arm64 | 0.4.1 | 46.00 | OK | |||
r-release-macos-x86_64 | 0.4.1 | 87.00 | OK | |||
r-release-windows-x86_64 | 0.4.1 | 7.00 | 100.00 | 107.00 | OK | |
r-oldrel-macos-arm64 | 0.4.1 | 57.00 | OK | |||
r-oldrel-macos-x86_64 | 0.4.1 | 96.00 | OK | |||
r-oldrel-windows-x86_64 | 0.4.1 | 9.00 | 148.00 | 157.00 | OK |
Version: 0.4.1
Check: dependencies in R code
Result: NOTE
Namespaces in Imports field not imported from:
‘Ckmeans.1d.dp’ ‘broom.mixed’ ‘igraph’
All declared Imports should be used.
Flavors: r-devel-linux-x86_64-fedora-clang, r-devel-linux-x86_64-fedora-gcc