CRAN Package Check Results for Package autocogs

Last updated on 2025-04-30 01:50:12 CEST.

Flavor Version Tinstall Tcheck Ttotal Status Flags
r-devel-linux-x86_64-debian-clang 0.1.4 4.53 46.89 51.42 OK
r-devel-linux-x86_64-debian-gcc 0.1.4 3.23 34.76 37.99 OK
r-devel-linux-x86_64-fedora-clang 0.1.4 80.20 NOTE
r-devel-linux-x86_64-fedora-gcc 0.1.4 75.47 NOTE
r-devel-windows-x86_64 0.1.4 6.00 64.00 70.00 OK
r-patched-linux-x86_64 0.1.4 4.54 44.77 49.31 OK
r-release-linux-x86_64 0.1.4 4.60 44.68 49.28 OK
r-release-macos-arm64 0.1.4 26.00 OK
r-release-macos-x86_64 0.1.4 48.00 OK
r-release-windows-x86_64 0.1.4 8.00 63.00 71.00 OK
r-oldrel-macos-arm64 0.1.4 27.00 OK
r-oldrel-macos-x86_64 0.1.4 41.00 OK
r-oldrel-windows-x86_64 0.1.4 8.00 73.00 81.00 OK

Check Details

Version: 0.1.4
Check: dependencies in R code
Result: NOTE Namespaces in Imports field not imported from: ‘MASS’ ‘broom’ ‘diptest’ ‘ggplot2’ ‘hexbin’ ‘moments’ All declared Imports should be used. Flavors: r-devel-linux-x86_64-fedora-clang, r-devel-linux-x86_64-fedora-gcc