Last updated on 2024-06-29 11:49:07 CEST.
Flavor | Version | Tinstall | Tcheck | Ttotal | Status | Flags |
---|---|---|---|---|---|---|
r-devel-linux-x86_64-debian-clang | 0.2.0.1001 | 35.33 | 810.51 | 845.84 | OK | |
r-devel-linux-x86_64-debian-gcc | 0.2.0.1001 | 27.83 | 568.83 | 596.66 | OK | |
r-devel-linux-x86_64-fedora-clang | 0.2.0.1001 | 1031.62 | OK | |||
r-devel-linux-x86_64-fedora-gcc | 0.2.0.1001 | 1021.88 | OK | |||
r-devel-windows-x86_64 | 0.2.0.1001 | 20.00 | 563.00 | 583.00 | OK | |
r-patched-linux-x86_64 | 0.2.0.1001 | 0.30 | 2.12 | 2.42 | ERROR | |
r-release-linux-x86_64 | 0.2.0.1001 | 0.31 | 2.12 | 2.43 | ERROR | |
r-release-macos-arm64 | 0.2.0.1001 | 258.00 | OK | |||
r-release-macos-x86_64 | 0.2.0.1001 | 578.00 | OK | |||
r-release-windows-x86_64 | 0.2.0.1001 | 21.00 | 560.00 | 581.00 | OK | |
r-oldrel-macos-arm64 | 0.2.0.1001 | 254.00 | OK | |||
r-oldrel-macos-x86_64 | 0.2.0.1001 | 653.00 | OK | |||
r-oldrel-windows-x86_64 | 0.2.0.1001 | 27.00 | 705.00 | 732.00 | OK |
Version: 0.2.0.1001
Check: package dependencies
Result: ERROR
Package required but not available: ‘thurstonianIRT’
See section ‘The DESCRIPTION file’ in the ‘Writing R Extensions’
manual.
Flavors: r-patched-linux-x86_64, r-release-linux-x86_64