Last updated on 2024-07-22 20:55:37 CEST.
Flavor | Version | Tinstall | Tcheck | Ttotal | Status | Flags |
---|---|---|---|---|---|---|
r-devel-linux-x86_64-debian-clang | 0.5.2 | 5.41 | 59.06 | 64.47 | OK | |
r-devel-linux-x86_64-debian-gcc | 0.5.2 | 4.18 | 45.14 | 49.32 | OK | |
r-devel-linux-x86_64-fedora-clang | 0.5.2 | 80.03 | NOTE | |||
r-devel-linux-x86_64-fedora-gcc | 0.5.2 | 74.90 | NOTE | |||
r-devel-windows-x86_64 | 0.5.2 | 8.00 | 67.00 | 75.00 | OK | |
r-patched-linux-x86_64 | 0.5.2 | 4.52 | 55.67 | 60.19 | OK | |
r-release-linux-x86_64 | 0.5.2 | 4.17 | 55.04 | 59.21 | OK | |
r-release-macos-arm64 | 0.5.2 | 30.00 | OK | |||
r-release-macos-x86_64 | 0.5.2 | 41.00 | OK | |||
r-release-windows-x86_64 | 0.5.2 | 6.00 | 67.00 | 73.00 | OK | |
r-oldrel-macos-arm64 | 0.5.2 | 34.00 | OK | |||
r-oldrel-macos-x86_64 | 0.5.2 | 63.00 | OK | |||
r-oldrel-windows-x86_64 | 0.5.2 | 6.00 | 74.00 | 80.00 | OK |
Version: 0.5.2
Check: data for non-ASCII characters
Result: NOTE
Note: found 54582 marked UTF-8 strings
Flavors: r-devel-linux-x86_64-fedora-clang, r-devel-linux-x86_64-fedora-gcc