CRAN Package Check Results for Package atable

Last updated on 2025-04-30 07:55:01 CEST.

Flavor Version Tinstall Tcheck Ttotal Status Flags
r-devel-linux-x86_64-debian-clang 0.1.15 4.50 101.63 106.13 NOTE
r-devel-linux-x86_64-debian-gcc 0.1.15 2.82 72.40 75.22 NOTE
r-devel-linux-x86_64-fedora-clang 0.1.15 163.89 OK
r-devel-linux-x86_64-fedora-gcc 0.1.15 169.34 OK
r-devel-windows-x86_64 0.1.15 6.00 148.00 154.00 OK
r-patched-linux-x86_64 0.1.15 5.19 97.29 102.48 OK
r-release-linux-x86_64 0.1.15 3.85 96.99 100.84 OK
r-release-macos-arm64 0.1.15 64.00 OK
r-release-macos-x86_64 0.1.15 113.00 OK
r-release-windows-x86_64 0.1.15 6.00 146.00 152.00 OK
r-oldrel-macos-arm64 0.1.15 71.00 OK
r-oldrel-macos-x86_64 0.1.15 160.00 OK
r-oldrel-windows-x86_64 0.1.15 7.00 167.00 174.00 OK

Check Details

Version: 0.1.15
Check: examples
Result: NOTE Examples with CPU (user + system) or elapsed time > 5s user system elapsed atable 5.66 0.374 7.671 Flavor: r-devel-linux-x86_64-debian-clang

Version: 0.1.15
Check: examples
Result: NOTE Examples with CPU (user + system) or elapsed time > 5s user system elapsed atable 4.002 0.372 5.046 Flavor: r-devel-linux-x86_64-debian-gcc