CRAN Package Check Results for Package asnipe

Last updated on 2025-05-01 01:49:24 CEST.

Flavor Version Tinstall Tcheck Ttotal Status Flags
r-devel-linux-x86_64-debian-clang 1.1.17 9.02 94.73 103.75 NOTE
r-devel-linux-x86_64-debian-gcc 1.1.17 6.31 63.72 70.03 NOTE
r-devel-linux-x86_64-fedora-clang 1.1.17 165.41 OK
r-devel-linux-x86_64-fedora-gcc 1.1.17 156.58 OK
r-devel-windows-x86_64 1.1.17 10.00 109.00 119.00 OK
r-patched-linux-x86_64 1.1.17 8.66 93.23 101.89 OK
r-release-linux-x86_64 1.1.17 9.67 89.11 98.78 OK
r-release-macos-arm64 1.1.17 44.00 OK
r-release-macos-x86_64 1.1.17 84.00 OK
r-release-windows-x86_64 1.1.17 10.00 108.00 118.00 OK
r-oldrel-macos-arm64 1.1.17 42.00 OK
r-oldrel-macos-x86_64 1.1.17 80.00 OK
r-oldrel-windows-x86_64 1.1.17 12.00 125.00 137.00 OK

Check Details

Version: 1.1.17
Check: CRAN incoming feasibility
Result: NOTE Maintainer: ‘Damien R. Farine <dfarine@ab.mpg.de>’ No Authors@R field in DESCRIPTION. Please add one, modifying Authors@R: person(given = c("Damien", "R."), family = "Farine", role = c("aut", "cre"), email = "dfarine@ab.mpg.de") as necessary. Flavors: r-devel-linux-x86_64-debian-clang, r-devel-linux-x86_64-debian-gcc

Version: 1.1.17
Check: examples
Result: NOTE Examples with CPU (user + system) or elapsed time > 5s user system elapsed network_swap 11.247 0.155 15.138 network_permutation 6.298 0.015 7.960 get_network 4.492 0.071 7.047 Flavor: r-devel-linux-x86_64-debian-clang

Version: 1.1.17
Check: examples
Result: NA user system elapsed network_swap 5.934 0.198 7.172 OK Flavor: r-devel-linux-x86_64-debian-gcc