Last updated on 2024-06-29 11:49:07 CEST.
Flavor | Version | Tinstall | Tcheck | Ttotal | Status | Flags |
---|---|---|---|---|---|---|
r-devel-linux-x86_64-debian-clang | 16.1.0 | 4291.07 | 305.54 | 4596.61 | NOTE | |
r-devel-linux-x86_64-debian-gcc | 16.1.0 | 3471.03 | 217.74 | 3688.77 | NOTE | |
r-devel-linux-x86_64-fedora-clang | 16.1.0 | 4380.33 | NOTE | |||
r-devel-linux-x86_64-fedora-gcc | 16.1.0 | 5471.37 | NOTE | |||
r-devel-windows-x86_64 | 16.1.0 | 466.00 | 574.00 | 1040.00 | NOTE | |
r-patched-linux-x86_64 | 16.1.0 | 4074.51 | 301.59 | 4376.10 | OK | |
r-release-linux-x86_64 | 16.1.0 | 4208.65 | 304.55 | 4513.20 | OK | |
r-release-macos-arm64 | 16.1.0 | 1261.00 | NOTE | |||
r-release-macos-x86_64 | 16.1.0 | 1779.00 | NOTE | |||
r-release-windows-x86_64 | 16.1.0 | 89.00 | 5.00 | 94.00 | ERROR | |
r-oldrel-macos-arm64 | 16.1.0 | 1238.00 | NOTE | |||
r-oldrel-macos-x86_64 | 16.1.0 | 1551.00 | NOTE | |||
r-oldrel-windows-x86_64 | 16.1.0 | 517.00 | 743.00 | 1260.00 | NOTE |
Version: 16.1.0
Check: compiled code
Result: NOTE
File ‘arrow/libs/arrow.so’:
Found non-API calls to R: ‘LEVELS’, ‘Rf_findVarInFrame3’,
‘SETLENGTH’, ‘SET_GROWABLE_BIT’, ‘SET_TRUELENGTH’
Compiled code should not call non-API entry points in R.
See ‘Writing portable packages’ in the ‘Writing R Extensions’ manual.
See section ‘Moving into C API compliance’ in the ‘Writing R
Extensions’ manual for issues with use of non-API entry points.
Flavors: r-devel-linux-x86_64-debian-clang, r-devel-linux-x86_64-debian-gcc, r-devel-linux-x86_64-fedora-clang, r-devel-linux-x86_64-fedora-gcc
Version: 16.1.0
Check: installed package size
Result: NOTE
installed size is 49.1Mb
sub-directories of 1Mb or more:
R 4.3Mb
libs 44.2Mb
Flavors: r-devel-linux-x86_64-fedora-clang, r-devel-windows-x86_64, r-release-macos-arm64, r-release-macos-x86_64, r-oldrel-macos-arm64, r-oldrel-macos-x86_64, r-oldrel-windows-x86_64
Version: 16.1.0
Check: Rd cross-references
Result: NOTE
Undeclared package ‘readr’ in Rd xrefs
Flavor: r-devel-linux-x86_64-fedora-clang
Version: 16.1.0
Check: compiled code
Result: NOTE
File 'arrow/libs/x64/arrow.dll':
Found non-API calls to R: 'LEVELS', 'Rf_findVarInFrame3',
'SETLENGTH', 'SET_GROWABLE_BIT', 'SET_TRUELENGTH'
Compiled code should not call non-API entry points in R.
See 'Writing portable packages' in the 'Writing R Extensions' manual.
See section 'Moving into C API compliance' in the 'Writing R
Extensions' manual for issues with use of non-API entry points.
Flavor: r-devel-windows-x86_64
Version: 16.1.0
Check: whether package can be installed
Result: ERROR
Installation failed.
Flavor: r-release-windows-x86_64