Last updated on 2025-07-24 18:53:46 CEST.
Flavor | Version | Tinstall | Tcheck | Ttotal | Status | Flags |
---|---|---|---|---|---|---|
r-devel-linux-x86_64-debian-clang | 0.0.18 | 2.98 | 200.63 | 203.61 | OK | |
r-devel-linux-x86_64-debian-gcc | 0.0.18 | 2.27 | 155.97 | 158.24 | OK | |
r-devel-linux-x86_64-fedora-clang | 0.0.18 | 313.92 | OK | |||
r-devel-linux-x86_64-fedora-gcc | 0.0.18 | 345.39 | OK | |||
r-devel-windows-x86_64 | 0.0.18 | 4.00 | 236.00 | 240.00 | OK | |
r-patched-linux-x86_64 | 0.0.18 | 2.86 | 193.18 | 196.04 | OK | |
r-release-linux-x86_64 | 0.0.18 | 2.95 | 193.61 | 196.56 | OK | |
r-release-macos-arm64 | 0.0.18 | 133.00 | OK | |||
r-release-macos-x86_64 | 0.0.18 | 242.00 | OK | |||
r-release-windows-x86_64 | 0.0.18 | 5.00 | 244.00 | 249.00 | OK | |
r-oldrel-macos-arm64 | 0.0.18 | 112.00 | OK | |||
r-oldrel-macos-x86_64 | 0.0.18 | 205.00 | NOTE | |||
r-oldrel-windows-x86_64 | 0.0.18 | 4.00 | 290.00 | 294.00 | OK |
Version: 0.0.18
Check: package dependencies
Result: NOTE
Package suggested but not available for checking: ‘arrow’
Flavor: r-oldrel-macos-x86_64
Version: 0.0.18
Check: Rd cross-references
Result: NOTE
Package unavailable to check Rd xrefs: ‘arrow’
Flavor: r-oldrel-macos-x86_64