Last updated on 2024-06-29 11:49:07 CEST.
Flavor | Version | Tinstall | Tcheck | Ttotal | Status | Flags |
---|---|---|---|---|---|---|
r-devel-linux-x86_64-debian-clang | 0.2.0 | 4.80 | 98.94 | 103.74 | NOTE | |
r-devel-linux-x86_64-debian-gcc | 0.2.0 | 3.50 | 76.12 | 79.62 | NOTE | |
r-devel-linux-x86_64-fedora-clang | 0.2.0 | 138.02 | NOTE | |||
r-devel-linux-x86_64-fedora-gcc | 0.2.0 | 148.53 | NOTE | |||
r-devel-windows-x86_64 | 0.2.0 | 6.00 | 99.00 | 105.00 | NOTE | |
r-patched-linux-x86_64 | 0.2.0 | 3.19 | 92.02 | 95.21 | NOTE | |
r-release-linux-x86_64 | 0.2.0 | 2.65 | 92.55 | 95.20 | NOTE | |
r-release-macos-arm64 | 0.2.0 | 51.00 | NOTE | |||
r-release-macos-x86_64 | 0.2.0 | 75.00 | NOTE | |||
r-release-windows-x86_64 | 0.2.0 | 5.00 | 97.00 | 102.00 | NOTE | |
r-oldrel-macos-arm64 | 0.2.0 | 54.00 | NOTE | |||
r-oldrel-macos-x86_64 | 0.2.0 | 76.00 | NOTE | |||
r-oldrel-windows-x86_64 | 0.2.0 | 6.00 | 110.00 | 116.00 | NOTE |
Version: 0.2.0
Check: Rd files
Result: NOTE
checkRd: (-1) calculate_subsets_performance.Rd:32: Lost braces in \itemize; \value handles \item{}{} directly
checkRd: (-1) calculate_subsets_performance.Rd:33: Lost braces in \itemize; \value handles \item{}{} directly
checkRd: (-1) create_arena.Rd:61: Lost braces in \itemize; \value handles \item{}{} directly
checkRd: (-1) create_arena.Rd:62: Lost braces in \itemize; \value handles \item{}{} directly
checkRd: (-1) create_arena.Rd:63: Lost braces in \itemize; \value handles \item{}{} directly
checkRd: (-1) create_arena.Rd:64: Lost braces in \itemize; \value handles \item{}{} directly
checkRd: (-1) create_arena.Rd:68: Lost braces in \itemize; \value handles \item{}{} directly
checkRd: (-1) create_arena.Rd:69: Lost braces in \itemize; \value handles \item{}{} directly
checkRd: (-1) create_arena.Rd:70: Lost braces in \itemize; \value handles \item{}{} directly
checkRd: (-1) create_arena.Rd:71: Lost braces in \itemize; \value handles \item{}{} directly
checkRd: (-1) get_dataset_attributes.Rd:14: Lost braces in \itemize; meant \describe ?
checkRd: (-1) get_dataset_attributes.Rd:15: Lost braces in \itemize; meant \describe ?
checkRd: (-1) get_dataset_attributes.Rd:16: Lost braces in \itemize; meant \describe ?
checkRd: (-1) get_dataset_attributes.Rd:17: Lost braces in \itemize; meant \describe ?
checkRd: (-1) get_dataset_plots.Rd:12: Lost braces in \itemize; meant \describe ?
checkRd: (-1) get_dataset_plots.Rd:13: Lost braces in \itemize; meant \describe ?
checkRd: (-1) get_dataset_plots.Rd:14: Lost braces in \itemize; meant \describe ?
checkRd: (-1) get_dataset_plots.Rd:15: Lost braces in \itemize; meant \describe ?
checkRd: (-1) get_variable_against_another.Rd:12: Lost braces in \itemize; meant \describe ?
checkRd: (-1) get_variable_against_another.Rd:13: Lost braces in \itemize; meant \describe ?
checkRd: (-1) get_variable_against_another.Rd:14: Lost braces in \itemize; meant \describe ?
checkRd: (-1) get_variable_against_another.Rd:15: Lost braces in \itemize; meant \describe ?
checkRd: (-1) get_variable_distribution.Rd:12: Lost braces in \itemize; meant \describe ?
checkRd: (-1) get_variable_distribution.Rd:13: Lost braces in \itemize; meant \describe ?
checkRd: (-1) get_variable_distribution.Rd:14: Lost braces in \itemize; meant \describe ?
checkRd: (-1) get_variable_distribution.Rd:15: Lost braces in \itemize; meant \describe ?
Flavors: r-devel-linux-x86_64-debian-clang, r-devel-linux-x86_64-debian-gcc, r-devel-linux-x86_64-fedora-clang, r-devel-linux-x86_64-fedora-gcc, r-devel-windows-x86_64, r-patched-linux-x86_64, r-release-linux-x86_64, r-release-macos-arm64, r-release-macos-x86_64, r-release-windows-x86_64
Version: 0.2.0
Check: LazyData
Result: NOTE
'LazyData' is specified without a 'data' directory
Flavors: r-devel-linux-x86_64-debian-clang, r-devel-linux-x86_64-debian-gcc, r-devel-linux-x86_64-fedora-clang, r-devel-linux-x86_64-fedora-gcc, r-devel-windows-x86_64, r-patched-linux-x86_64, r-release-linux-x86_64, r-release-macos-arm64, r-release-macos-x86_64, r-release-windows-x86_64, r-oldrel-macos-arm64, r-oldrel-macos-x86_64, r-oldrel-windows-x86_64