Last updated on 2024-06-29 11:49:07 CEST.
Flavor | Version | Tinstall | Tcheck | Ttotal | Status | Flags |
---|---|---|---|---|---|---|
r-devel-linux-x86_64-debian-clang | 2.3.6 | 10.74 | 103.59 | 114.33 | OK | |
r-devel-linux-x86_64-debian-gcc | 2.3.6 | 8.24 | 75.18 | 83.42 | OK | |
r-devel-linux-x86_64-fedora-clang | 2.3.6 | 147.39 | NOTE | |||
r-devel-linux-x86_64-fedora-gcc | 2.3.6 | 146.09 | OK | |||
r-devel-windows-x86_64 | 2.3.6 | 11.00 | 105.00 | 116.00 | OK | |
r-patched-linux-x86_64 | 2.3.6 | 12.94 | 96.18 | 109.12 | OK | |
r-release-linux-x86_64 | 2.3.6 | 9.80 | 95.18 | 104.98 | OK | |
r-release-macos-arm64 | 2.3.6 | 43.00 | OK | |||
r-release-macos-x86_64 | 2.3.6 | 63.00 | OK | |||
r-release-windows-x86_64 | 2.3.6 | 10.00 | 106.00 | 116.00 | OK | |
r-oldrel-macos-arm64 | 2.3.6 | 48.00 | OK | |||
r-oldrel-macos-x86_64 | 2.3.6 | 75.00 | OK | |||
r-oldrel-windows-x86_64 | 2.3.6 | 13.00 | 127.00 | 140.00 | OK |
Version: 2.3.6
Check: Rd cross-references
Result: NOTE
Undeclared package ‘rmarkdown’ in Rd xrefs
Flavor: r-devel-linux-x86_64-fedora-clang