Last updated on 2024-06-29 11:49:07 CEST.
Flavor | Version | Tinstall | Tcheck | Ttotal | Status | Flags |
---|---|---|---|---|---|---|
r-devel-linux-x86_64-debian-clang | 2.0.3 | 32.15 | 454.52 | 486.67 | OK | |
r-devel-linux-x86_64-debian-gcc | 2.0.3 | 24.88 | 357.04 | 381.92 | OK | |
r-devel-linux-x86_64-fedora-clang | 2.0.3 | 687.93 | NOTE | |||
r-devel-linux-x86_64-fedora-gcc | 2.0.3 | 622.60 | OK | |||
r-devel-windows-x86_64 | 2.0.3 | 27.00 | 364.00 | 391.00 | NOTE | |
r-patched-linux-x86_64 | 2.0.3 | 33.08 | 470.72 | 503.80 | OK | |
r-release-linux-x86_64 | 2.0.3 | 29.03 | 464.55 | 493.58 | OK | |
r-release-macos-arm64 | 2.0.3 | 160.00 | NOTE | |||
r-release-macos-x86_64 | 2.0.3 | 231.00 | NOTE | |||
r-release-windows-x86_64 | 2.0.3 | 27.00 | 357.00 | 384.00 | NOTE | |
r-oldrel-macos-arm64 | 2.0.3 | 159.00 | NOTE | |||
r-oldrel-macos-x86_64 | 2.0.3 | 418.00 | NOTE | |||
r-oldrel-windows-x86_64 | 2.0.3 | 34.00 | 446.00 | 480.00 | NOTE |
Version: 2.0.3
Check: installed package size
Result: NOTE
installed size is 5.5Mb
sub-directories of 1Mb or more:
R 1.3Mb
data 1.6Mb
doc 1.8Mb
Flavors: r-devel-linux-x86_64-fedora-clang, r-devel-windows-x86_64, r-release-macos-arm64, r-release-macos-x86_64, r-release-windows-x86_64, r-oldrel-macos-arm64, r-oldrel-macos-x86_64, r-oldrel-windows-x86_64