CRAN Package Check Results for Package approxmatch

Last updated on 2025-04-29 13:51:16 CEST.

Flavor Version Tinstall Tcheck Ttotal Status Flags
r-devel-linux-x86_64-debian-clang 2.0 2.17 25.26 27.43 NOTE
r-devel-linux-x86_64-debian-gcc 2.0 1.65 19.32 20.97 NOTE
r-devel-linux-x86_64-fedora-clang 2.0 41.55 OK
r-devel-linux-x86_64-fedora-gcc 2.0 40.22 OK
r-devel-windows-x86_64 2.0 3.00 52.00 55.00 OK
r-patched-linux-x86_64 2.0 2.54 24.36 26.90 OK
r-release-linux-x86_64 2.0 2.16 24.33 26.49 OK
r-release-macos-arm64 2.0 16.00 OK
r-release-macos-x86_64 2.0 33.00 OK
r-release-windows-x86_64 2.0 4.00 52.00 56.00 OK
r-oldrel-macos-arm64 2.0 26.00 OK
r-oldrel-macos-x86_64 2.0 48.00 OK
r-oldrel-windows-x86_64 2.0 4.00 52.00 56.00 OK

Check Details

Version: 2.0
Check: CRAN incoming feasibility
Result: NOTE Maintainer: ‘Bikram Karmakar <bkarmakar@ufl.edu>’ No Authors@R field in DESCRIPTION. Please add one, modifying Authors@R: person(given = "Bikram", family = "Karmakar", role = c("aut", "cre"), email = "bkarmakar@ufl.edu") as necessary. Flavors: r-devel-linux-x86_64-debian-clang, r-devel-linux-x86_64-debian-gcc