CRAN Package Check Results for Package approxOT

Last updated on 2025-04-29 13:51:16 CEST.

Flavor Version Tinstall Tcheck Ttotal Status Flags
r-devel-linux-x86_64-debian-clang 1.2 88.03 58.85 146.88 OK
r-devel-linux-x86_64-debian-gcc 1.2 69.80 45.70 115.50 OK
r-devel-linux-x86_64-fedora-clang 1.2 270.69 OK
r-devel-linux-x86_64-fedora-gcc 1.2 328.84 OK
r-devel-windows-x86_64 1.2 103.00 118.00 221.00 OK
r-patched-linux-x86_64 1.2 94.17 61.63 155.80 OK
r-release-linux-x86_64 1.2 96.84 60.94 157.78 OK
r-release-macos-arm64 1.2 89.00 OK
r-release-macos-x86_64 1.2 104.00 OK
r-release-windows-x86_64 1.2 99.00 122.00 221.00 OK
r-oldrel-macos-arm64 1.2 77.00 NOTE
r-oldrel-macos-x86_64 1.2 181.00 NOTE
r-oldrel-windows-x86_64 1.2 111.00 136.00 247.00 OK

Additional issues

Strict

Check Details

Version: 1.2
Check: installed package size
Result: NOTE installed size is 22.1Mb sub-directories of 1Mb or more: libs 21.7Mb Flavors: r-oldrel-macos-arm64, r-oldrel-macos-x86_64