Last updated on 2024-08-24 16:48:54 CEST.
Flavor | Version | Tinstall | Tcheck | Ttotal | Status | Flags |
---|---|---|---|---|---|---|
r-devel-linux-x86_64-debian-clang | 0.99.26 | 10.67 | 73.73 | 84.40 | NOTE | |
r-devel-linux-x86_64-debian-gcc | 0.99.26 | 8.36 | 48.72 | 57.08 | NOTE | |
r-devel-linux-x86_64-fedora-clang | 0.99.26 | 135.27 | NOTE | |||
r-devel-linux-x86_64-fedora-gcc | 0.99.26 | 140.50 | NOTE | |||
r-devel-windows-x86_64 | 0.99.26 | 12.00 | 92.00 | 104.00 | NOTE | |
r-patched-linux-x86_64 | 0.99.26 | 11.18 | 68.00 | 79.18 | NOTE | |
r-release-linux-x86_64 | 0.99.26 | 9.13 | 68.57 | 77.70 | NOTE | |
r-release-macos-arm64 | 0.99.26 | 44.00 | NOTE | |||
r-release-macos-x86_64 | 0.99.26 | 77.00 | NOTE | |||
r-release-windows-x86_64 | 0.99.26 | 11.00 | 90.00 | 101.00 | NOTE | |
r-oldrel-macos-arm64 | 0.99.26 | 45.00 | OK | |||
r-oldrel-macos-x86_64 | 0.99.26 | 72.00 | NOTE | |||
r-oldrel-windows-x86_64 | 0.99.26 | 12.00 | 108.00 | 120.00 | OK |
Version: 0.99.26
Check: Rd files
Result: NOTE
checkRd: (-1) PS-methods.Rd:61: Lost braces in \itemize; \value handles \item{}{} directly
checkRd: (-1) PS-methods.Rd:62: Lost braces in \itemize; \value handles \item{}{} directly
checkRd: (-1) PS-methods.Rd:63: Lost braces in \itemize; \value handles \item{}{} directly
checkRd: (-1) PS-methods.Rd:64: Lost braces in \itemize; \value handles \item{}{} directly
checkRd: (-1) PS-methods.Rd:65-67: Lost braces in \itemize; \value handles \item{}{} directly
checkRd: (-1) Sim-Functions.Rd:126: Lost braces in \itemize; meant \describe ?
checkRd: (-1) Sim-Functions.Rd:127-129: Lost braces in \itemize; meant \describe ?
checkRd: (-1) Sim-Functions.Rd:135: Lost braces in \itemize; meant \describe ?
checkRd: (-1) Sim-Functions.Rd:136-137: Lost braces in \itemize; meant \describe ?
checkRd: (-1) Sim-Functions.Rd:138-140: Lost braces in \itemize; meant \describe ?
checkRd: (-1) Sim-Functions.Rd:141-143: Lost braces in \itemize; meant \describe ?
Flavors: r-devel-linux-x86_64-debian-clang, r-devel-linux-x86_64-debian-gcc, r-devel-linux-x86_64-fedora-clang, r-devel-linux-x86_64-fedora-gcc, r-devel-windows-x86_64, r-patched-linux-x86_64, r-release-linux-x86_64, r-release-macos-arm64, r-release-macos-x86_64, r-release-windows-x86_64
Version: 0.99.26
Check: package dependencies
Result: NOTE
Package suggested but not available for checking: ‘competitiontoolbox’
Flavor: r-oldrel-macos-x86_64
Version: 0.99.26
Check: Rd cross-references
Result: NOTE
Package unavailable to check Rd xrefs: ‘competitiontoolbox’
Flavor: r-oldrel-macos-x86_64