Last updated on 2025-04-29 13:51:16 CEST.
Flavor | Version | Tinstall | Tcheck | Ttotal | Status | Flags |
---|---|---|---|---|---|---|
r-devel-linux-x86_64-debian-clang | 0.1.0 | 9.32 | 174.30 | 183.62 | NOTE | |
r-devel-linux-x86_64-debian-gcc | 0.1.0 | 6.93 | 123.43 | 130.36 | NOTE | |
r-devel-linux-x86_64-fedora-clang | 0.1.0 | 292.23 | OK | |||
r-devel-linux-x86_64-fedora-gcc | 0.1.0 | 300.10 | OK | |||
r-devel-windows-x86_64 | 0.1.0 | 10.00 | 188.00 | 198.00 | OK | |
r-patched-linux-x86_64 | 0.1.0 | 9.00 | 170.09 | 179.09 | OK | |
r-release-linux-x86_64 | 0.1.0 | 9.81 | 169.30 | 179.11 | OK | |
r-release-macos-arm64 | 0.1.0 | 105.00 | OK | |||
r-release-macos-x86_64 | 0.1.0 | 187.00 | OK | |||
r-release-windows-x86_64 | 0.1.0 | 10.00 | 189.00 | 199.00 | OK | |
r-oldrel-macos-arm64 | 0.1.0 | 91.00 | OK | |||
r-oldrel-macos-x86_64 | 0.1.0 | 146.00 | OK | |||
r-oldrel-windows-x86_64 | 0.1.0 | 13.00 | 248.00 | 261.00 | OK |
Version: 0.1.0
Check: CRAN incoming feasibility
Result: NOTE
Maintainer: ‘Philip Agnew <philip.agnew@ird.fr>’
Found the following URLs which should use \doi (with the DOI name only):
File ‘anovir-package.Rd’:
https://doi.org/10.1101/530709
File ‘data_blanford.Rd’:
https://doi.org/10.1186/1475-2875-11-365
File ‘data_lorenz.Rd’:
https://doi.org/10.1101/530709
https://doi.org/10.1111/j.1752-4571.2011.00199.x
https://doi.org/10.5061/dryad.2s231
File ‘data_parker.Rd’:
https://doi.org/10.1111/evo.12418
https://doi.org/10.5061/dryad.24gq7
Flavors: r-devel-linux-x86_64-debian-clang, r-devel-linux-x86_64-debian-gcc
Version: 0.1.0
Check: examples
Result: NOTE
Examples with CPU (user + system) or elapsed time > 5s
user system elapsed
sim_data_nll_basic 4.205 0.015 5.895
Flavor: r-devel-linux-x86_64-debian-clang