Last updated on 2025-05-29 00:48:15 CEST.
Flavor | Version | Tinstall | Tcheck | Ttotal | Status | Flags |
---|---|---|---|---|---|---|
r-devel-linux-x86_64-debian-clang | 1.1.0 | 25.45 | 151.28 | 176.73 | OK | |
r-devel-linux-x86_64-debian-gcc | 1.1.0 | 15.48 | 105.68 | 121.16 | OK | |
r-devel-linux-x86_64-fedora-clang | 1.1.0 | 273.49 | NOTE | |||
r-devel-linux-x86_64-fedora-gcc | 1.1.0 | 278.21 | NOTE | |||
r-devel-windows-x86_64 | 1.1.0 | 30.00 | 152.00 | 182.00 | OK | |
r-patched-linux-x86_64 | 1.1.0 | 23.13 | 138.60 | 161.73 | OK | |
r-release-linux-x86_64 | 1.1.0 | 22.74 | 137.24 | 159.98 | OK | |
r-release-macos-arm64 | 1.1.0 | 77.00 | OK | |||
r-release-macos-x86_64 | 1.1.0 | 153.00 | OK | |||
r-release-windows-x86_64 | 1.1.0 | 30.00 | 165.00 | 195.00 | OK | |
r-oldrel-macos-arm64 | 1.1.0 | 78.00 | OK | |||
r-oldrel-macos-x86_64 | 1.1.0 | 111.00 | OK | |||
r-oldrel-windows-x86_64 | 1.1.0 | 36.00 | 202.00 | 238.00 | OK |
Version: 1.1.0
Check: dependencies in R code
Result: NOTE
Namespace in Imports field not imported from: ‘kernlab’
All declared Imports should be used.
Flavors: r-devel-linux-x86_64-fedora-clang, r-devel-linux-x86_64-fedora-gcc