Last updated on 2024-06-15 19:54:53 CEST.
Flavor | Version | Tinstall | Tcheck | Ttotal | Status | Flags |
---|---|---|---|---|---|---|
r-devel-linux-x86_64-debian-clang | 0.1.1 | 2.43 | 21.57 | 24.00 | NOTE | |
r-devel-linux-x86_64-debian-gcc | 0.1.1 | 1.64 | 16.92 | 18.56 | NOTE | |
r-devel-linux-x86_64-fedora-clang | 0.1.1 | 30.92 | NOTE | |||
r-devel-linux-x86_64-fedora-gcc | 0.1.1 | 29.09 | NOTE | |||
r-devel-windows-x86_64 | 0.1.1 | 3.00 | 40.00 | 43.00 | NOTE | |
r-patched-linux-x86_64 | 0.1.1 | 2.59 | 21.77 | 24.36 | NOTE | |
r-release-linux-x86_64 | 0.1.1 | 1.78 | 20.89 | 22.67 | NOTE | |
r-release-macos-arm64 | 0.1.1 | 14.00 | NOTE | |||
r-release-macos-x86_64 | 0.1.1 | 18.00 | NOTE | |||
r-release-windows-x86_64 | 0.1.1 | 3.00 | 43.00 | 46.00 | NOTE | |
r-oldrel-macos-arm64 | 0.1.1 | 16.00 | NOTE | |||
r-oldrel-macos-x86_64 | 0.1.1 | 21.00 | NOTE | |||
r-oldrel-windows-x86_64 | 0.1.1 | 3.00 | 43.00 | 46.00 | NOTE |
Version: 0.1.1
Check: LazyData
Result: NOTE
'LazyData' is specified without a 'data' directory
Flavors: r-devel-linux-x86_64-debian-clang, r-devel-linux-x86_64-debian-gcc, r-devel-linux-x86_64-fedora-clang, r-devel-linux-x86_64-fedora-gcc, r-devel-windows-x86_64, r-patched-linux-x86_64, r-release-linux-x86_64, r-release-macos-arm64, r-release-macos-x86_64, r-release-windows-x86_64, r-oldrel-macos-arm64, r-oldrel-macos-x86_64, r-oldrel-windows-x86_64