Last updated on 2024-06-29 11:49:07 CEST.
Flavor | Version | Tinstall | Tcheck | Ttotal | Status | Flags |
---|---|---|---|---|---|---|
r-devel-linux-x86_64-debian-clang | 0.2.3 | 12.96 | 178.07 | 191.03 | NOTE | |
r-devel-linux-x86_64-debian-gcc | 0.2.3 | 9.39 | 132.01 | 141.40 | NOTE | |
r-devel-linux-x86_64-fedora-clang | 0.2.3 | 239.96 | NOTE | |||
r-devel-linux-x86_64-fedora-gcc | 0.2.3 | 239.65 | NOTE | |||
r-devel-windows-x86_64 | 0.2.3 | 10.00 | 154.00 | 164.00 | NOTE | |
r-patched-linux-x86_64 | 0.2.3 | 8.97 | 170.92 | 179.89 | NOTE | |
r-release-linux-x86_64 | 0.2.3 | 7.09 | 168.94 | 176.03 | NOTE | |
r-release-macos-arm64 | 0.2.3 | 71.00 | NOTE | |||
r-release-macos-x86_64 | 0.2.3 | 112.00 | NOTE | |||
r-release-windows-x86_64 | 0.2.3 | 12.00 | 152.00 | 164.00 | NOTE | |
r-oldrel-macos-arm64 | 0.2.3 | 81.00 | OK | |||
r-oldrel-macos-x86_64 | 0.2.3 | 148.00 | OK | |||
r-oldrel-windows-x86_64 | 0.2.3 | 14.00 | 190.00 | 204.00 | OK |
Version: 0.2.3
Check: Rd files
Result: NOTE
checkRd: (-1) allestimates.Rd:25: Lost braces in \itemize; meant \describe ?
checkRd: (-1) allestimates.Rd:26: Lost braces in \itemize; meant \describe ?
checkRd: (-1) allestimates.Rd:27: Lost braces in \itemize; meant \describe ?
checkRd: (-1) allestimates.Rd:28: Lost braces in \itemize; meant \describe ?
Flavors: r-devel-linux-x86_64-debian-clang, r-devel-linux-x86_64-debian-gcc, r-devel-linux-x86_64-fedora-clang, r-devel-linux-x86_64-fedora-gcc, r-devel-windows-x86_64, r-patched-linux-x86_64, r-release-linux-x86_64, r-release-macos-arm64, r-release-macos-x86_64, r-release-windows-x86_64