Last updated on 2025-04-30 07:55:00 CEST.
Flavor | Version | Tinstall | Tcheck | Ttotal | Status | Flags |
---|---|---|---|---|---|---|
r-devel-linux-x86_64-debian-clang | 0.3.0 | 3.62 | 25.02 | 28.64 | NOTE | |
r-devel-linux-x86_64-debian-gcc | 0.3.0 | 2.55 | 20.11 | 22.66 | NOTE | |
r-devel-linux-x86_64-fedora-clang | 0.3.0 | 44.46 | OK | |||
r-devel-linux-x86_64-fedora-gcc | 0.3.0 | 57.02 | OK | |||
r-devel-windows-x86_64 | 0.3.0 | 6.00 | 48.00 | 54.00 | OK | |
r-patched-linux-x86_64 | 0.3.0 | 3.65 | 23.98 | 27.63 | OK | |
r-release-linux-x86_64 | 0.3.0 | 3.01 | 23.95 | 26.96 | OK | |
r-release-macos-arm64 | 0.3.0 | 27.00 | OK | |||
r-release-macos-x86_64 | 0.3.0 | 46.00 | OK | |||
r-release-windows-x86_64 | 0.3.0 | 8.00 | 47.00 | 55.00 | OK | |
r-oldrel-macos-arm64 | 0.3.0 | 21.00 | NOTE | |||
r-oldrel-macos-x86_64 | 0.3.0 | 32.00 | NOTE | |||
r-oldrel-windows-x86_64 | 0.3.0 | 7.00 | 47.00 | 54.00 | NOTE |
Version: 0.3.0
Check: CRAN incoming feasibility
Result: NOTE
Maintainer: ‘Robert Fulton <rfulton@algorithmia.com>’
No Authors@R field in DESCRIPTION.
Please add one, modifying
Authors@R: c(person(given = "James",
family = "Sutton",
role = "aut"),
person(given = "James",
family = "Athappilly",
role = "aut"),
person(given = "Taylor",
family = "Raack",
role = "aut"),
person(given = "Robert",
family = "Fulton",
role = "cre",
email = "rfulton@algorithmia.com"))
as necessary.
Flavors: r-devel-linux-x86_64-debian-clang, r-devel-linux-x86_64-debian-gcc
Version: 0.3.0
Check: LazyData
Result: NOTE
'LazyData' is specified without a 'data' directory
Flavors: r-oldrel-macos-arm64, r-oldrel-macos-x86_64, r-oldrel-windows-x86_64