Last updated on 2024-06-29 11:49:07 CEST.
Flavor | Version | Tinstall | Tcheck | Ttotal | Status | Flags |
---|---|---|---|---|---|---|
r-devel-linux-x86_64-debian-clang | 0.1.3 | 5.43 | 53.47 | 58.90 | OK | |
r-devel-linux-x86_64-debian-gcc | 0.1.3 | 4.32 | 39.77 | 44.09 | OK | |
r-devel-linux-x86_64-fedora-clang | 0.1.3 | 74.10 | NOTE | |||
r-devel-linux-x86_64-fedora-gcc | 0.1.3 | 81.13 | NOTE | |||
r-devel-windows-x86_64 | 0.1.3 | 6.00 | 61.00 | 67.00 | OK | |
r-patched-linux-x86_64 | 0.1.3 | 4.91 | 49.63 | 54.54 | OK | |
r-release-linux-x86_64 | 0.1.3 | 4.14 | 49.00 | 53.14 | OK | |
r-release-macos-arm64 | 0.1.3 | 31.00 | OK | |||
r-release-macos-x86_64 | 0.1.3 | 49.00 | OK | |||
r-release-windows-x86_64 | 0.1.3 | 6.00 | 59.00 | 65.00 | OK | |
r-oldrel-macos-arm64 | 0.1.3 | 31.00 | OK | |||
r-oldrel-macos-x86_64 | 0.1.3 | 47.00 | OK | |||
r-oldrel-windows-x86_64 | 0.1.3 | 7.00 | 65.00 | 72.00 | OK |
Version: 0.1.3
Check: data for non-ASCII characters
Result: NOTE
Note: found 710 marked UTF-8 strings
Flavors: r-devel-linux-x86_64-fedora-clang, r-devel-linux-x86_64-fedora-gcc