Last updated on 2024-07-03 01:48:58 CEST.
Flavor | Version | Tinstall | Tcheck | Ttotal | Status | Flags |
---|---|---|---|---|---|---|
r-devel-linux-x86_64-debian-clang | 1.0.2 | 4.97 | 63.70 | 68.67 | OK | |
r-devel-linux-x86_64-debian-gcc | 1.0.2 | 5.05 | 47.37 | 52.42 | OK | |
r-devel-linux-x86_64-fedora-clang | 1.0.2 | 88.74 | NOTE | |||
r-devel-linux-x86_64-fedora-gcc | 1.0.2 | 98.13 | OK | |||
r-devel-windows-x86_64 | 1.0.2 | 7.00 | 78.00 | 85.00 | OK | |
r-patched-linux-x86_64 | 1.0.2 | 8.51 | 59.32 | 67.83 | OK | |
r-release-linux-x86_64 | 1.0.2 | 4.39 | 59.50 | 63.89 | OK | |
r-release-macos-arm64 | 1.0.2 | 36.00 | OK | |||
r-release-macos-x86_64 | 1.0.2 | 54.00 | OK | |||
r-release-windows-x86_64 | 1.0.2 | 7.00 | 78.00 | 85.00 | OK | |
r-oldrel-macos-arm64 | 1.0.2 | 46.00 | OK | |||
r-oldrel-macos-x86_64 | 1.0.2 | 85.00 | OK | |||
r-oldrel-windows-x86_64 | 1.0.2 | 6.00 | 84.00 | 90.00 | OK |
Version: 1.0.2
Check: Rd cross-references
Result: NOTE
Undeclared package ‘era’ in Rd xrefs
Flavor: r-devel-linux-x86_64-fedora-clang