Last updated on 2025-04-17 09:49:09 CEST.
Flavor | Version | Tinstall | Tcheck | Ttotal | Status | Flags |
---|---|---|---|---|---|---|
r-devel-linux-x86_64-debian-clang | 1.0.0 | 64.49 | 338.12 | 402.61 | NOTE | |
r-devel-linux-x86_64-debian-gcc | 1.0.0 | 44.35 | 225.24 | 269.59 | NOTE | |
r-devel-linux-x86_64-fedora-clang | 1.0.0 | 637.63 | NOTE | |||
r-devel-linux-x86_64-fedora-gcc | 1.0.0 | 629.14 | NOTE | |||
r-devel-windows-x86_64 | 1.0.0 | 74.00 | 312.00 | 386.00 | NOTE | |
r-patched-linux-x86_64 | 1.0.0 | 65.25 | 323.84 | 389.09 | NOTE | |
r-release-linux-x86_64 | 1.0.0 | 59.99 | 325.54 | 385.53 | NOTE | |
r-release-macos-arm64 | 1.0.0 | 159.00 | NOTE | |||
r-release-macos-x86_64 | 1.0.0 | 339.00 | NOTE | |||
r-release-windows-x86_64 | 1.0.0 | 71.00 | 319.00 | 390.00 | NOTE | |
r-oldrel-macos-arm64 | 1.0.0 | 181.00 | NOTE | |||
r-oldrel-macos-x86_64 | 1.0.0 | 277.00 | NOTE | |||
r-oldrel-windows-x86_64 | 1.0.0 | 87.00 | 427.00 | 514.00 | OK |
Version: 1.0.0
Check: DESCRIPTION meta-information
Result: NOTE
Missing dependency on R >= 4.1.0 because package code uses the pipe
|> or function shorthand \(...) syntax added in R 4.1.0.
File(s) using such syntax:
‘ability_agreement.R’ ‘ability_ai.R’ ‘ability_compute_bounds.R’
‘ability_compute_stats.R’ ‘ability_human.R’
‘ability_human_override.R’ ‘ability_preference.R’
Flavors: r-devel-linux-x86_64-debian-clang, r-devel-linux-x86_64-debian-gcc, r-devel-linux-x86_64-fedora-clang, r-devel-linux-x86_64-fedora-gcc, r-devel-windows-x86_64, r-patched-linux-x86_64, r-release-linux-x86_64, r-release-macos-arm64, r-release-macos-x86_64, r-release-windows-x86_64
Version: 1.0.0
Check: installed package size
Result: NOTE
installed size is 6.6Mb
sub-directories of 1Mb or more:
doc 1.6Mb
libs 4.3Mb
Flavors: r-oldrel-macos-arm64, r-oldrel-macos-x86_64