Last updated on 2024-06-29 11:49:07 CEST.
Flavor | Version | Tinstall | Tcheck | Ttotal | Status | Flags |
---|---|---|---|---|---|---|
r-devel-linux-x86_64-debian-clang | 0.4.0 | 9.45 | 157.72 | 167.17 | OK | |
r-devel-linux-x86_64-debian-gcc | 0.4.0 | 6.47 | 110.78 | 117.25 | OK | |
r-devel-linux-x86_64-fedora-clang | 0.4.0 | 203.06 | NOTE | |||
r-devel-linux-x86_64-fedora-gcc | 0.4.0 | 194.55 | NOTE | |||
r-devel-windows-x86_64 | 0.4.0 | 8.00 | 134.00 | 142.00 | OK | |
r-patched-linux-x86_64 | 0.4.0 | 11.59 | 148.52 | 160.11 | OK | |
r-release-linux-x86_64 | 0.4.0 | 8.46 | 148.50 | 156.96 | OK | |
r-release-macos-arm64 | 0.4.0 | 65.00 | OK | |||
r-release-macos-x86_64 | 0.4.0 | 111.00 | OK | |||
r-release-windows-x86_64 | 0.4.0 | 8.00 | 132.00 | 140.00 | OK | |
r-oldrel-macos-arm64 | 0.4.0 | 72.00 | OK | |||
r-oldrel-macos-x86_64 | 0.4.0 | 124.00 | OK | |||
r-oldrel-windows-x86_64 | 0.4.0 | 11.00 | 161.00 | 172.00 | OK |
Version: 0.4.0
Check: dependencies in R code
Result: NOTE
Namespace in Imports field not imported from: ‘mathjaxr’
All declared Imports should be used.
Flavors: r-devel-linux-x86_64-fedora-clang, r-devel-linux-x86_64-fedora-gcc