CRAN Package Check Results for Package aedseo

Last updated on 2025-04-30 07:55:00 CEST.

Flavor Version Tinstall Tcheck Ttotal Status Flags
r-devel-linux-x86_64-debian-clang 0.3.0 6.54 249.65 256.19 NOTE
r-devel-linux-x86_64-debian-gcc 0.3.0 3.83 163.68 167.51 NOTE
r-devel-linux-x86_64-fedora-clang 0.3.0 422.34 OK
r-devel-linux-x86_64-fedora-gcc 0.3.0 429.02 OK
r-devel-windows-x86_64 0.3.0 9.00 201.00 210.00 OK
r-patched-linux-x86_64 0.3.0 6.42 233.31 239.73 OK
r-release-linux-x86_64 0.3.0 5.82 233.92 239.74 OK
r-release-macos-arm64 0.3.0 94.00 OK
r-release-macos-x86_64 0.3.0 293.00 OK
r-release-windows-x86_64 0.3.0 7.00 202.00 209.00 OK
r-oldrel-macos-arm64 0.3.0 100.00 OK
r-oldrel-macos-x86_64 0.3.0 231.00 OK
r-oldrel-windows-x86_64 0.3.0 9.00 285.00 294.00 OK

Check Details

Version: 0.3.0
Check: examples
Result: NOTE Examples with CPU (user + system) or elapsed time > 5s user system elapsed autoplot 12.747 0.275 15.454 plot 10.007 0.036 14.582 predict.tsd_onset 8.817 0.011 12.454 historical_summary 6.255 0.012 8.240 consecutive_growth_warnings 5.181 0.011 6.195 Flavor: r-devel-linux-x86_64-debian-clang

Version: 0.3.0
Check: examples
Result: NOTE Examples with CPU (user + system) or elapsed time > 5s user system elapsed autoplot 7.383 0.212 9.852 plot 5.748 0.012 6.903 predict.tsd_onset 5.332 0.054 7.930 historical_summary 3.820 0.075 5.885 Flavor: r-devel-linux-x86_64-debian-gcc