Last updated on 2024-06-29 11:49:07 CEST.
Flavor | Version | Tinstall | Tcheck | Ttotal | Status | Flags |
---|---|---|---|---|---|---|
r-devel-linux-x86_64-debian-clang | 2.1.10 | 37.53 | 229.73 | 267.26 | OK | |
r-devel-linux-x86_64-debian-gcc | 2.1.10 | 25.29 | 172.21 | 197.50 | OK | |
r-devel-linux-x86_64-fedora-clang | 2.1.10 | 325.91 | OK | |||
r-devel-linux-x86_64-fedora-gcc | 2.1.10 | 309.35 | OK | |||
r-devel-windows-x86_64 | 2.1.10 | 33.00 | 201.00 | 234.00 | OK | |
r-patched-linux-x86_64 | 2.1.10 | 41.17 | 223.77 | 264.94 | OK | |
r-release-linux-x86_64 | 2.1.10 | 29.69 | 217.54 | 247.23 | OK | |
r-release-macos-arm64 | 2.1.10 | 86.00 | OK | |||
r-release-macos-x86_64 | 2.1.10 | 152.00 | OK | |||
r-release-windows-x86_64 | 2.1.10 | 34.00 | 198.00 | 232.00 | OK | |
r-oldrel-macos-arm64 | 2.1.10 | 93.00 | NOTE | |||
r-oldrel-macos-x86_64 | 2.1.10 | 150.00 | NOTE | |||
r-oldrel-windows-x86_64 | 2.1.10 | 41.00 | 261.00 | 302.00 | OK |
Version: 2.1.10
Check: installed package size
Result: NOTE
installed size is 5.8Mb
sub-directories of 1Mb or more:
R 2.0Mb
data 1.3Mb
files 1.7Mb
Flavors: r-oldrel-macos-arm64, r-oldrel-macos-x86_64
Version: 2.1.10
Check: package dependencies
Result: NOTE
Packages suggested but not available for checking:
'adespatial', 'hierfstat', 'spdep', 'poppr'
Flavor: r-oldrel-macos-x86_64
Version: 2.1.10
Check: Rd cross-references
Result: NOTE
Package unavailable to check Rd xrefs: ‘spdep’
Flavor: r-oldrel-macos-x86_64