CRAN Package Check Results for Package accelerometry

Last updated on 2025-04-29 13:51:15 CEST.

Flavor Version Tinstall Tcheck Ttotal Status Flags
r-devel-linux-x86_64-debian-clang 3.1.2 59.54 110.29 169.83 NOTE
r-devel-linux-x86_64-debian-gcc 3.1.2 40.89 78.03 118.92 NOTE
r-devel-linux-x86_64-fedora-clang 3.1.2 278.84 OK
r-devel-linux-x86_64-fedora-gcc 3.1.2 272.86 OK
r-devel-windows-x86_64 3.1.2 68.00 126.00 194.00 OK
r-patched-linux-x86_64 3.1.2 55.75 99.48 155.23 OK
r-release-linux-x86_64 3.1.2 55.28 100.30 155.58 OK
r-release-macos-arm64 3.1.2 75.00 OK
r-release-macos-x86_64 3.1.2 119.00 OK
r-release-windows-x86_64 3.1.2 73.00 124.00 197.00 OK
r-oldrel-macos-arm64 3.1.2 71.00 OK
r-oldrel-macos-x86_64 3.1.2 104.00 OK
r-oldrel-windows-x86_64 3.1.2 78.00 159.00 237.00 OK

Check Details

Version: 3.1.2
Check: CRAN incoming feasibility
Result: NOTE Maintainer: ‘Dane R. Van Domelen <vandomed@gmail.com>’ No Authors@R field in DESCRIPTION. Please add one, modifying Authors@R: person(given = c("Dane", "R."), family = "Van Domelen", role = c("aut", "cre"), email = "vandomed@gmail.com") as necessary. Found the following URLs which should use \doi (with the DOI name only): File ‘accelerometry.Rd’: https://doi.org/10.7287/peerj.preprints.3188v1 Flavors: r-devel-linux-x86_64-debian-clang, r-devel-linux-x86_64-debian-gcc