Last updated on 2025-11-02 08:48:31 CET.
| Flavor | Version | Tinstall | Tcheck | Ttotal | Status | Flags |
|---|---|---|---|---|---|---|
| r-devel-linux-x86_64-debian-clang | 0.1.1 | 1.76 | 19.95 | 21.71 | OK | |
| r-devel-linux-x86_64-debian-gcc | 0.1.1 | 1.51 | 16.30 | 17.81 | OK | |
| r-devel-linux-x86_64-fedora-clang | 0.1.1 | 31.74 | NOTE | |||
| r-devel-linux-x86_64-fedora-gcc | 0.1.1 | 32.74 | NOTE | |||
| r-devel-windows-x86_64 | 0.1.1 | 2.00 | 45.00 | 47.00 | OK | |
| r-patched-linux-x86_64 | 0.1.1 | 1.94 | 18.73 | 20.67 | OK | |
| r-release-linux-x86_64 | 0.1.1 | 1.59 | 18.85 | 20.44 | OK | |
| r-release-macos-arm64 | 0.1.1 | 1.00 | 16.00 | 17.00 | OK | |
| r-release-macos-x86_64 | 0.1.1 | 2.00 | 22.00 | 24.00 | OK | |
| r-release-windows-x86_64 | 0.1.1 | 3.00 | 37.00 | 40.00 | OK | |
| r-oldrel-macos-arm64 | 0.1.1 | 1.00 | 14.00 | 15.00 | OK | |
| r-oldrel-macos-x86_64 | 0.1.1 | 2.00 | 21.00 | 23.00 | OK | |
| r-oldrel-windows-x86_64 | 0.1.1 | 3.00 | 44.00 | 47.00 | OK |
Version: 0.1.1
Check: dependencies in R code
Result: NOTE
Namespace in Imports field not imported from: ‘MASS’
All declared Imports should be used.
Flavors: r-devel-linux-x86_64-fedora-clang, r-devel-linux-x86_64-fedora-gcc