Last updated on 2024-06-29 11:49:28 CEST.
Flavor | Version | Tinstall | Tcheck | Ttotal | Status | Flags |
---|---|---|---|---|---|---|
r-devel-linux-x86_64-debian-clang | 1.1 | 3.49 | 32.16 | 35.65 | OK | |
r-devel-linux-x86_64-debian-gcc | 1.1 | 3.30 | 23.32 | 26.62 | OK | |
r-devel-linux-x86_64-fedora-clang | 1.1 | 44.68 | NOTE | |||
r-devel-linux-x86_64-fedora-gcc | 1.1 | 41.37 | NOTE | |||
r-devel-windows-x86_64 | 1.1 | 4.00 | 45.00 | 49.00 | OK | |
r-patched-linux-x86_64 | 1.1 | 3.96 | 29.38 | 33.34 | OK | |
r-release-linux-x86_64 | 1.1 | 4.45 | 29.88 | 34.33 | OK | |
r-release-macos-arm64 | 1.1 | 17.00 | OK | |||
r-release-macos-x86_64 | 1.1 | 25.00 | OK | |||
r-release-windows-x86_64 | 1.1 | 4.00 | 45.00 | 49.00 | OK | |
r-oldrel-macos-arm64 | 1.1 | 27.00 | OK | |||
r-oldrel-macos-x86_64 | 1.1 | 37.00 | OK | |||
r-oldrel-windows-x86_64 | 1.1 | 4.00 | 46.00 | 50.00 | OK |
Version: 1.1
Check: dependencies in R code
Result: NOTE
Namespace in Imports field not imported from: ‘MASS’
All declared Imports should be used.
Flavors: r-devel-linux-x86_64-fedora-clang, r-devel-linux-x86_64-fedora-gcc