Last updated on 2025-04-30 07:55:26 CEST.
Flavor | Version | Tinstall | Tcheck | Ttotal | Status | Flags |
---|---|---|---|---|---|---|
r-devel-linux-x86_64-debian-clang | 1.2.0 | 11.51 | 138.95 | 150.46 | OK | |
r-devel-linux-x86_64-debian-gcc | 1.2.0 | 8.21 | 104.25 | 112.46 | OK | |
r-devel-linux-x86_64-fedora-clang | 1.2.1 | 254.99 | OK | |||
r-devel-linux-x86_64-fedora-gcc | 1.2.1 | 266.27 | OK | |||
r-devel-windows-x86_64 | 1.2.0 | 21.00 | 264.00 | 285.00 | OK | |
r-patched-linux-x86_64 | 1.2.0 | 13.61 | 135.97 | 149.58 | OK | |
r-release-linux-x86_64 | 1.2.0 | 10.67 | 134.56 | 145.23 | OK | |
r-release-macos-arm64 | 1.2.1 | 132.00 | OK | |||
r-release-macos-x86_64 | 1.2.1 | 164.00 | OK | |||
r-release-windows-x86_64 | 1.2.1 | 30.00 | 281.00 | 311.00 | OK | |
r-oldrel-macos-arm64 | 1.2.1 | 95.00 | NOTE | |||
r-oldrel-macos-x86_64 | 1.2.1 | 174.00 | NOTE | |||
r-oldrel-windows-x86_64 | 1.2.0 | 20.00 | 290.00 | 310.00 | NOTE |
Version: 1.2.1
Check: installed package size
Result: NOTE
installed size is 31.6Mb
sub-directories of 1Mb or more:
java 29.2Mb
Flavors: r-oldrel-macos-arm64, r-oldrel-macos-x86_64
Version: 1.2.0
Check: installed package size
Result: NOTE
installed size is 28.9Mb
sub-directories of 1Mb or more:
java 26.5Mb
Flavor: r-oldrel-windows-x86_64