Last updated on 2024-06-29 11:49:27 CEST.
Flavor | Version | Tinstall | Tcheck | Ttotal | Status | Flags |
---|---|---|---|---|---|---|
r-devel-linux-x86_64-debian-clang | 0.1.1 | 27.09 | 319.26 | 346.35 | OK | |
r-devel-linux-x86_64-debian-gcc | 0.1.1 | 23.40 | 224.76 | 248.16 | OK | |
r-devel-linux-x86_64-fedora-clang | 0.1.1 | 433.96 | NOTE | |||
r-devel-linux-x86_64-fedora-gcc | 0.1.1 | 418.10 | NOTE | |||
r-devel-windows-x86_64 | 0.1.1 | 23.00 | 195.00 | 218.00 | OK | |
r-patched-linux-x86_64 | 0.1.1 | 27.93 | 296.47 | 324.40 | OK | |
r-release-linux-x86_64 | 0.1.1 | 24.81 | 305.87 | 330.68 | OK | |
r-release-macos-arm64 | 0.1.1 | 116.00 | OK | |||
r-release-macos-x86_64 | 0.1.1 | 162.00 | OK | |||
r-release-windows-x86_64 | 0.1.1 | 24.00 | 194.00 | 218.00 | OK | |
r-oldrel-macos-arm64 | 0.1.1 | 115.00 | OK | |||
r-oldrel-macos-x86_64 | 0.1.1 | 253.00 | OK | |||
r-oldrel-windows-x86_64 | 0.1.1 | 32.00 | 264.00 | 296.00 | OK |
Version: 0.1.1
Check: data for non-ASCII characters
Result: NOTE
Note: found 4 marked Latin-1 strings
Note: found 5 marked UTF-8 strings
Flavors: r-devel-linux-x86_64-fedora-clang, r-devel-linux-x86_64-fedora-gcc