Last updated on 2024-06-29 11:49:27 CEST.
Flavor | Version | Tinstall | Tcheck | Ttotal | Status | Flags |
---|---|---|---|---|---|---|
r-devel-linux-x86_64-debian-clang | 1.14-3 | 4.52 | 36.70 | 41.22 | OK | |
r-devel-linux-x86_64-debian-gcc | 1.14-3 | 3.78 | 27.46 | 31.24 | OK | |
r-devel-linux-x86_64-fedora-clang | 1.14-3 | 52.32 | NOTE | |||
r-devel-linux-x86_64-fedora-gcc | 1.14-3 | 48.83 | NOTE | |||
r-devel-windows-x86_64 | 1.14-3 | 5.00 | 48.00 | 53.00 | OK | |
r-patched-linux-x86_64 | 1.14-3 | 5.43 | 34.84 | 40.27 | OK | |
r-release-linux-x86_64 | 1.14-3 | 4.35 | 35.42 | 39.77 | OK | |
r-release-macos-arm64 | 1.14-3 | 19.00 | OK | |||
r-release-macos-x86_64 | 1.14-3 | 25.00 | OK | |||
r-release-windows-x86_64 | 1.14-3 | 5.00 | 49.00 | 54.00 | OK | |
r-oldrel-macos-arm64 | 1.14-3 | 29.00 | OK | |||
r-oldrel-macos-x86_64 | 1.14-3 | 47.00 | OK | |||
r-oldrel-windows-x86_64 | 1.14-3 | 5.00 | 53.00 | 58.00 | OK |
Version: 1.14-3
Check: data for non-ASCII characters
Result: NOTE
Note: found 2 marked UTF-8 strings
Flavors: r-devel-linux-x86_64-fedora-clang, r-devel-linux-x86_64-fedora-gcc