Last updated on 2025-10-31 20:48:55 CET.
| Flavor | Version | Tinstall | Tcheck | Ttotal | Status | Flags | 
|---|---|---|---|---|---|---|
| r-devel-linux-x86_64-debian-clang | 1.8-1 | 15.83 | 490.96 | 506.79 | OK | |
| r-devel-linux-x86_64-debian-gcc | 1.8-1 | 11.94 | 335.29 | 347.23 | OK | |
| r-devel-linux-x86_64-fedora-clang | 1.8-1 | 120.00 | 797.51 | 917.51 | WARN | |
| r-devel-linux-x86_64-fedora-gcc | 1.8-1 | 60.00 | 779.94 | 839.94 | WARN | |
| r-devel-windows-x86_64 | 1.8-1 | 23.00 | 805.00 | 828.00 | OK | |
| r-patched-linux-x86_64 | 1.8-1 | 17.33 | 475.56 | 492.89 | OK | |
| r-release-linux-x86_64 | 1.8-1 | 15.99 | 476.02 | 492.01 | OK | |
| r-release-macos-arm64 | 1.8-1 | 9.00 | 389.00 | 398.00 | OK | |
| r-release-macos-x86_64 | 1.8-1 | 15.00 | 616.00 | 631.00 | OK | |
| r-release-windows-x86_64 | 1.8-1 | 24.00 | 805.00 | 829.00 | OK | |
| r-oldrel-macos-arm64 | 1.8-1 | 9.00 | 317.00 | 326.00 | OK | |
| r-oldrel-macos-x86_64 | 1.8-1 | 15.00 | 609.00 | 624.00 | OK | |
| r-oldrel-windows-x86_64 | 1.8-1 | 29.00 | 1086.00 | 1115.00 | OK | 
Version: 1.8-1
Check: re-building of vignette outputs
Result: WARN
  Error(s) in re-building vignettes:
  --- re-building ‘BigDataSA.Rmd’ using rmarkdown
  [WARNING] Deprecated: --highlight-style. Use --syntax-highlighting instead.
  --- finished re-building ‘BigDataSA.Rmd’
  
  --- re-building ‘ClusterExternalValidSA.Rmd’ using rmarkdown
  [WARNING] Deprecated: --highlight-style. Use --syntax-highlighting instead.
  --- finished re-building ‘ClusterExternalValidSA.Rmd’
  
  --- re-building ‘ClusterValidSA.Rmd’ using rmarkdown
  [WARNING] Deprecated: --highlight-style. Use --syntax-highlighting instead.
  --- finished re-building ‘ClusterValidSA.Rmd’
  
  --- re-building ‘FuzzySA.Rmd’ using rmarkdown
  [WARNING] Deprecated: --highlight-style. Use --syntax-highlighting instead.
  --- finished re-building ‘FuzzySA.Rmd’
  
  --- re-building ‘WeightedCluster.Rnw’ using knitr
  --- finished re-building ‘WeightedCluster.Rnw’
  
  --- re-building ‘WeightedClusterFR.Rnw’ using knitr
  Error: processing vignette 'WeightedClusterFR.Rnw' failed with diagnostics:
  Running 'texi2dvi' on 'WeightedClusterFR.tex' failed.
  LaTeX errors:
  ! Undefined control sequence.
  \__hook begindocument ...fter {\bbl@main@language 
                                                    }\ifbbl@single \renewcomma...
  l.135 \begin{document}
                        
  ! Emergency stop.
  \__hook begindocument ...fter {\bbl@main@language 
                                                    }\ifbbl@single \renewcomma...
  l.135 \begin{document}
                        
  !  ==> Fatal error occurred, no output PDF file produced!
  --- failed re-building ‘WeightedClusterFR.Rnw’
  
  --- re-building ‘WeightedClusterPreview.Rnw’ using knitr
  --- finished re-building ‘WeightedClusterPreview.Rnw’
  
  SUMMARY: processing the following file failed:
    ‘WeightedClusterFR.Rnw’
  
  Error: Vignette re-building failed.
  Execution halted
Flavors: r-devel-linux-x86_64-fedora-clang, r-devel-linux-x86_64-fedora-gcc