Last updated on 2025-04-29 19:50:51 CEST.
Flavor | Version | Tinstall | Tcheck | Ttotal | Status | Flags |
---|---|---|---|---|---|---|
r-devel-linux-x86_64-debian-clang | 1.1 | 6.99 | 50.13 | 57.12 | NOTE | |
r-devel-linux-x86_64-debian-gcc | 1.1 | 5.73 | 34.86 | 40.59 | NOTE | |
r-devel-linux-x86_64-fedora-clang | 1.2 | 94.74 | OK | |||
r-devel-linux-x86_64-fedora-gcc | 1.1 | 84.65 | OK | |||
r-devel-windows-x86_64 | 1.1 | 7.00 | 68.00 | 75.00 | OK | |
r-patched-linux-x86_64 | 1.1 | 9.52 | 47.92 | 57.44 | OK | |
r-release-linux-x86_64 | 1.1 | 6.92 | 47.95 | 54.87 | OK | |
r-release-macos-arm64 | 1.2 | 24.00 | OK | |||
r-release-macos-x86_64 | 1.2 | 50.00 | OK | |||
r-release-windows-x86_64 | 1.1 | 7.00 | 72.00 | 79.00 | OK | |
r-oldrel-macos-arm64 | 1.2 | 23.00 | OK | |||
r-oldrel-macos-x86_64 | 1.2 | 58.00 | OK | |||
r-oldrel-windows-x86_64 | 1.1 | 9.00 | 65.00 | 74.00 | OK |
Version: 1.1
Check: CRAN incoming feasibility
Result: NOTE
Maintainer: ‘Angi Roesch <angi@angi-stat.com>’
No Authors@R field in DESCRIPTION.
Please add one, modifying
Authors@R: c(person(given = "Angi",
family = "Roesch",
role = c("aut", "cre"),
email = "angi@angi-stat.com"),
person(given = "Harald",
family = "Schmidbauer",
role = "aut",
email = "harald@hs-stat.com"))
as necessary.
The URL field contains the following bad parts:
Guide
booklet
at
The URL field should be a list of URLs separated by commas or
whitespace.
Flavors: r-devel-linux-x86_64-debian-clang, r-devel-linux-x86_64-debian-gcc