Last updated on 2025-05-20 02:49:56 CEST.
Flavor | Version | Tinstall | Tcheck | Ttotal | Status | Flags |
---|---|---|---|---|---|---|
r-devel-linux-x86_64-debian-clang | 1.1.4 | 23.53 | 323.53 | 347.06 | OK | |
r-devel-linux-x86_64-debian-gcc | 1.1.4 | 16.42 | 223.83 | 240.25 | OK | |
r-devel-linux-x86_64-fedora-clang | 1.1.4 | 535.35 | OK | |||
r-devel-linux-x86_64-fedora-gcc | 1.1.4 | 524.83 | OK | |||
r-devel-windows-x86_64 | 1.1.4 | 26.00 | 312.00 | 338.00 | OK | |
r-patched-linux-x86_64 | 1.1.4 | 23.94 | 305.11 | 329.05 | OK | |
r-release-linux-x86_64 | 1.1.4 | 22.30 | 307.91 | 330.21 | OK | |
r-release-macos-arm64 | 1.1.4 | 143.00 | OK | |||
r-release-macos-x86_64 | 1.1.4 | 282.00 | OK | |||
r-release-windows-x86_64 | 1.1.4 | 24.00 | 305.00 | 329.00 | OK | |
r-oldrel-macos-arm64 | 1.1.4 | 144.00 | NOTE | |||
r-oldrel-macos-x86_64 | 1.1.4 | 213.00 | NOTE | |||
r-oldrel-windows-x86_64 | 1.1.4 | 32.00 | 409.00 | 441.00 | NOTE |
Version: 1.1.4
Check: installed package size
Result: NOTE
installed size is 5.4Mb
sub-directories of 1Mb or more:
doc 4.3Mb
Flavors: r-oldrel-macos-arm64, r-oldrel-macos-x86_64, r-oldrel-windows-x86_64