Last updated on 2025-04-29 13:51:45 CEST.
Flavor | Version | Tinstall | Tcheck | Ttotal | Status | Flags |
---|---|---|---|---|---|---|
r-devel-linux-x86_64-debian-clang | 1.1.0 | 15.10 | 162.66 | 177.76 | NOTE | |
r-devel-linux-x86_64-debian-gcc | 1.1.0 | 8.53 | 119.99 | 128.52 | NOTE | |
r-devel-linux-x86_64-fedora-clang | 1.1.0 | 250.49 | OK | |||
r-devel-linux-x86_64-fedora-gcc | 1.1.0 | 245.21 | OK | |||
r-devel-windows-x86_64 | 1.1.0 | 14.00 | 156.00 | 170.00 | OK | |
r-patched-linux-x86_64 | 1.1.0 | 12.85 | 148.04 | 160.89 | OK | |
r-release-linux-x86_64 | 1.1.0 | 13.28 | 149.28 | 162.56 | OK | |
r-release-macos-arm64 | 1.1.0 | 86.00 | OK | |||
r-release-macos-x86_64 | 1.1.0 | 156.00 | OK | |||
r-release-windows-x86_64 | 1.1.0 | 16.00 | 155.00 | 171.00 | OK | |
r-oldrel-macos-arm64 | 1.1.0 | 84.00 | OK | |||
r-oldrel-macos-x86_64 | 1.1.0 | 146.00 | OK | |||
r-oldrel-windows-x86_64 | 1.1.0 | 20.00 | 198.00 | 218.00 | OK |
Version: 1.1.0
Check: examples
Result: NOTE
Examples with CPU (user + system) or elapsed time > 5s
user system elapsed
percentESS 8.045 0.011 11.388
plot.causal_estimates 6.985 0.016 9.163
print.causal_estimates 6.724 0.079 9.924
mean_diff 6.683 0.081 9.245
causal.estimate 6.677 0.066 9.402
sigma_ratio 6.719 0.003 9.251
summary.causal_estimates 6.439 0.011 9.196
Flavor: r-devel-linux-x86_64-debian-clang
Version: 1.1.0
Check: examples
Result: NOTE
Examples with CPU (user + system) or elapsed time > 5s
user system elapsed
percentESS 5.917 0.012 6.348
print.causal_estimates 5.006 0.074 5.680
plot.causal_estimates 4.971 0.008 5.369
causal.estimate 4.902 0.062 5.824
summary.causal_estimates 4.887 0.035 5.967
sigma_ratio 4.905 0.015 5.745
mean_diff 4.867 0.047 5.356
Flavor: r-devel-linux-x86_64-debian-gcc