Last updated on 2024-06-29 23:50:07 CEST.
Flavor | Version | Tinstall | Tcheck | Ttotal | Status | Flags |
---|---|---|---|---|---|---|
r-devel-linux-x86_64-debian-clang | 1.72-5 | 89.67 | 477.87 | 567.54 | OK | |
r-devel-linux-x86_64-debian-gcc | 1.72-5 | 65.37 | 338.53 | 403.90 | OK | |
r-devel-linux-x86_64-fedora-clang | 1.72-5 | 691.89 | OK | |||
r-devel-linux-x86_64-fedora-gcc | 1.72-5 | 692.18 | OK | |||
r-devel-windows-x86_64 | 1.72-5 | 71.00 | 393.00 | 464.00 | OK | |
r-patched-linux-x86_64 | 1.72-5 | 89.14 | 439.55 | 528.69 | OK | |
r-release-linux-x86_64 | 1.72-5 | 51.69 | 450.49 | 502.18 | OK | |
r-release-macos-arm64 | 1.72-5 | 173.00 | NOTE | |||
r-release-macos-x86_64 | 1.72-5 | 299.00 | NOTE | |||
r-release-windows-x86_64 | 1.72-5 | 66.00 | 390.00 | 456.00 | OK | |
r-oldrel-macos-arm64 | 1.72-5 | 167.00 | NOTE | |||
r-oldrel-macos-x86_64 | 1.72-5 | 355.00 | NOTE | |||
r-oldrel-windows-x86_64 | 1.72-5 | 88.00 | 522.00 | 610.00 | OK |
Version: 1.72-5
Check: package dependencies
Result: NOTE
Package suggested but not available for checking: ‘org.Mm.eg.db’
Flavors: r-release-macos-arm64, r-oldrel-macos-x86_64
Version: 1.72-5
Check: installed package size
Result: NOTE
installed size is 5.2Mb
sub-directories of 1Mb or more:
R 2.0Mb
libs 1.5Mb
Flavors: r-release-macos-arm64, r-release-macos-x86_64, r-oldrel-macos-arm64, r-oldrel-macos-x86_64