Last updated on 2024-06-29 23:50:07 CEST.
Flavor | Version | Tinstall | Tcheck | Ttotal | Status | Flags |
---|---|---|---|---|---|---|
r-devel-linux-x86_64-debian-clang | 1.1.0 | 11.95 | 85.02 | 96.97 | NOTE | |
r-devel-linux-x86_64-debian-gcc | 1.1.0 | 9.89 | 61.08 | 70.97 | NOTE | |
r-devel-linux-x86_64-fedora-clang | 1.1.0 | 115.39 | NOTE | |||
r-devel-linux-x86_64-fedora-gcc | 1.1.0 | 109.92 | NOTE | |||
r-devel-windows-x86_64 | 1.1.0 | 10.00 | 80.00 | 90.00 | NOTE | |
r-patched-linux-x86_64 | 1.1.0 | 11.02 | 78.20 | 89.22 | NOTE | |
r-release-linux-x86_64 | 1.1.0 | 9.17 | 78.71 | 87.88 | NOTE | |
r-release-macos-arm64 | 1.1.0 | 31.00 | NOTE | |||
r-release-macos-x86_64 | 1.1.0 | 57.00 | NOTE | |||
r-release-windows-x86_64 | 1.1.0 | 10.00 | 74.00 | 84.00 | NOTE | |
r-oldrel-macos-arm64 | 1.1.0 | 37.00 | OK | |||
r-oldrel-macos-x86_64 | 1.1.0 | 61.00 | OK | |||
r-oldrel-windows-x86_64 | 1.1.0 | 14.00 | 87.00 | 101.00 | OK |
Version: 1.1.0
Check: Rd files
Result: NOTE
checkRd: (-1) WACS.Rd:18: Lost braces in \itemize; meant \describe ?
checkRd: (-1) WACS.Rd:19: Lost braces in \itemize; meant \describe ?
checkRd: (-1) WACS.Rd:20: Lost braces in \itemize; meant \describe ?
checkRd: (-1) WACS.Rd:21: Lost braces in \itemize; meant \describe ?
checkRd: (-1) WACS.Rd:22: Lost braces in \itemize; meant \describe ?
checkRd: (-1) WACS.Rd:23: Lost braces in \itemize; meant \describe ?
checkRd: (-1) WACS.Rd:24: Lost braces in \itemize; meant \describe ?
checkRd: (-1) WACS.Rd:36-37: Lost braces in \itemize; meant \describe ?
checkRd: (-1) WACS.Rd:38-39: Lost braces in \itemize; meant \describe ?
checkRd: (-1) WACSreadAgroclim.Rd:15: Lost braces in \itemize; \value handles \item{}{} directly
checkRd: (-1) WACSreadAgroclim.Rd:16-17: Lost braces in \itemize; \value handles \item{}{} directly
Flavors: r-devel-linux-x86_64-debian-clang, r-devel-linux-x86_64-debian-gcc, r-devel-linux-x86_64-fedora-clang, r-devel-linux-x86_64-fedora-gcc, r-devel-windows-x86_64, r-patched-linux-x86_64, r-release-linux-x86_64, r-release-macos-arm64, r-release-macos-x86_64, r-release-windows-x86_64