Last updated on 2024-06-29 23:50:07 CEST.
Flavor | Version | Tinstall | Tcheck | Ttotal | Status | Flags |
---|---|---|---|---|---|---|
r-devel-linux-x86_64-debian-clang | 1.0.0 | 12.74 | 98.68 | 111.42 | OK | |
r-devel-linux-x86_64-debian-gcc | 1.0.0 | 11.50 | 72.34 | 83.84 | OK | |
r-devel-linux-x86_64-fedora-clang | 1.0.0 | 137.48 | OK | |||
r-devel-linux-x86_64-fedora-gcc | 1.0.0 | 137.48 | OK | |||
r-devel-windows-x86_64 | 1.0.0 | 12.00 | 92.00 | 104.00 | OK | |
r-patched-linux-x86_64 | 1.0.0 | 14.19 | 94.75 | 108.94 | OK | |
r-release-linux-x86_64 | 1.0.0 | 13.88 | 93.88 | 107.76 | OK | |
r-release-macos-arm64 | 1.0.0 | 48.00 | NOTE | |||
r-release-macos-x86_64 | 1.0.0 | 102.00 | NOTE | |||
r-release-windows-x86_64 | 1.0.0 | 12.00 | 93.00 | 105.00 | OK | |
r-oldrel-macos-arm64 | 1.0.0 | 55.00 | OK | |||
r-oldrel-macos-x86_64 | 1.0.0 | 85.00 | NOTE | |||
r-oldrel-windows-x86_64 | 1.0.0 | 16.00 | 109.00 | 125.00 | OK |
Version: 1.0.0
Check: installed package size
Result: NOTE
installed size is 5.8Mb
sub-directories of 1Mb or more:
data 3.8Mb
Flavors: r-release-macos-arm64, r-release-macos-x86_64, r-oldrel-macos-x86_64