Last updated on 2025-02-21 19:50:44 CET.
Flavor | Version | Tinstall | Tcheck | Ttotal | Status | Flags |
---|---|---|---|---|---|---|
r-devel-linux-x86_64-debian-clang | 2.1.3.1 | 198.25 | 132.46 | 330.71 | OK | |
r-devel-linux-x86_64-debian-gcc | 2.1.3.1 | 141.62 | 85.14 | 226.76 | OK | |
r-devel-linux-x86_64-fedora-clang | 2.1.3.1 | 652.29 | OK | |||
r-devel-linux-x86_64-fedora-gcc | 2.1.3.1 | 600.75 | OK | |||
r-devel-macos-arm64 | 2.1.3.1 | 133.00 | OK | |||
r-devel-macos-x86_64 | 2.1.3.1 | 189.00 | OK | |||
r-devel-windows-x86_64 | 2.1.3.1 | 215.00 | 174.00 | 389.00 | OK | |
r-patched-linux-x86_64 | 2.1.3.1 | 200.35 | 110.95 | 311.30 | OK | |
r-release-linux-x86_64 | 2.1.3.1 | 194.21 | 110.76 | 304.97 | OK | |
r-release-macos-arm64 | 2.1.3.1 | 140.00 | NOTE | |||
r-release-macos-x86_64 | 2.1.3.1 | 168.00 | NOTE | |||
r-release-windows-x86_64 | 2.1.3.1 | 217.00 | 172.00 | 389.00 | OK | |
r-oldrel-macos-arm64 | 2.1.3.1 | 175.00 | NOTE | |||
r-oldrel-macos-x86_64 | 2.1.3.1 | 299.00 | NOTE | |||
r-oldrel-windows-x86_64 | 2.1.3.1 | 262.00 | 195.00 | 457.00 | OK |
Version: 2.1.3.1
Check: installed package size
Result: NOTE
installed size is 8.4Mb
sub-directories of 1Mb or more:
libs 7.6Mb
Flavors: r-release-macos-arm64, r-release-macos-x86_64, r-oldrel-macos-arm64, r-oldrel-macos-x86_64