CRAN Package Check Results for Package VMDecomp

Last updated on 2025-07-08 14:49:53 CEST.

Flavor Version Tinstall Tcheck Ttotal Status Flags
r-devel-linux-x86_64-debian-clang 1.0.1 30.43 77.00 107.43 NOTE
r-devel-linux-x86_64-debian-gcc 1.0.1 23.29 43.73 67.02 NOTE
r-devel-linux-x86_64-fedora-clang 1.0.1 150.01 NOTE
r-devel-linux-x86_64-fedora-gcc 1.0.1 155.32 NOTE
r-devel-windows-x86_64 1.0.1 36.00 79.00 115.00 NOTE
r-patched-linux-x86_64 1.0.1 31.58 54.53 86.11 NOTE
r-release-linux-x86_64 1.0.1 30.23 57.47 87.70 NOTE
r-release-macos-arm64 1.0.1 57.00 NOTE
r-release-macos-x86_64 1.0.1 85.00 NOTE
r-release-windows-x86_64 1.0.1 36.00 80.00 116.00 NOTE
r-oldrel-macos-arm64 1.0.1 44.00 NOTE
r-oldrel-macos-x86_64 1.0.1 60.00 NOTE
r-oldrel-windows-x86_64 1.0.1 43.00 109.00 152.00 NOTE

Check Details

Version: 1.0.1
Check: C++ specification
Result: NOTE Specified C++11: please drop specification unless essential Flavors: r-devel-linux-x86_64-debian-clang, r-devel-linux-x86_64-debian-gcc, r-devel-linux-x86_64-fedora-clang, r-devel-linux-x86_64-fedora-gcc, r-devel-windows-x86_64, r-patched-linux-x86_64, r-release-linux-x86_64, r-release-macos-arm64, r-release-macos-x86_64, r-release-windows-x86_64, r-oldrel-macos-arm64, r-oldrel-macos-x86_64, r-oldrel-windows-x86_64

Version: 1.0.1
Check: installed package size
Result: NOTE installed size is 5.2Mb sub-directories of 1Mb or more: libs 3.6Mb Flavors: r-oldrel-macos-arm64, r-oldrel-macos-x86_64