CRAN Package Check Results for Package VLMC

Last updated on 2025-04-29 19:50:51 CEST.

Flavor Version Tinstall Tcheck Ttotal Status Flags
r-devel-linux-x86_64-debian-clang 1.4-4 5.47 42.44 47.91 NOTE
r-devel-linux-x86_64-debian-gcc 1.4-4 4.60 33.96 38.56 OK
r-devel-linux-x86_64-fedora-clang 1.4-4 75.01 OK
r-devel-linux-x86_64-fedora-gcc 1.4-4 73.49 OK
r-devel-windows-x86_64 1.4-4 12.00 76.00 88.00 OK
r-patched-linux-x86_64 1.4-4 6.08 42.74 48.82 OK
r-release-linux-x86_64 1.4-4 5.45 40.73 46.18 OK
r-release-macos-arm64 1.4-4 27.00 OK
r-release-macos-x86_64 1.4-4 60.00 OK
r-release-windows-x86_64 1.4-4 12.00 77.00 89.00 OK
r-oldrel-macos-arm64 1.4-4 29.00 OK
r-oldrel-macos-x86_64 1.4-4 78.00 OK
r-oldrel-windows-x86_64 1.4-4 12.00 89.00 101.00 OK

Check Details

Version: 1.4-4
Check: examples
Result: NOTE Examples with CPU (user + system) or elapsed time > 5s user system elapsed OZrain 4.513 0.157 7.49 Flavor: r-devel-linux-x86_64-debian-clang