Last updated on 2025-02-23 02:51:42 CET.
Flavor | Version | Tinstall | Tcheck | Ttotal | Status | Flags |
---|---|---|---|---|---|---|
r-devel-linux-x86_64-debian-clang | 1.4 | 89.06 | 79.56 | 168.62 | OK | |
r-devel-linux-x86_64-debian-gcc | 1.4 | 61.14 | 59.94 | 121.08 | OK | |
r-devel-linux-x86_64-fedora-clang | 1.4 | 317.67 | OK | |||
r-devel-linux-x86_64-fedora-gcc | 1.4 | 293.78 | OK | |||
r-devel-macos-arm64 | 1.4 | 65.00 | OK | |||
r-devel-macos-x86_64 | 1.4 | 115.00 | OK | |||
r-devel-windows-x86_64 | 1.4 | 94.00 | 105.00 | 199.00 | OK | |
r-patched-linux-x86_64 | 1.4 | 83.14 | 77.78 | 160.92 | OK | |
r-release-linux-x86_64 | 1.4 | 88.65 | 76.44 | 165.09 | OK | |
r-release-macos-arm64 | 1.4 | 69.00 | NOTE | |||
r-release-macos-x86_64 | 1.4 | 85.00 | NOTE | |||
r-release-windows-x86_64 | 1.4 | 95.00 | 102.00 | 197.00 | OK | |
r-oldrel-macos-arm64 | 1.4 | 85.00 | NOTE | |||
r-oldrel-macos-x86_64 | 1.4 | 98.00 | NOTE | |||
r-oldrel-windows-x86_64 | 1.4 | 113.00 | 128.00 | 241.00 | OK |
Version: 1.4
Check: installed package size
Result: NOTE
installed size is 5.0Mb
sub-directories of 1Mb or more:
libs 4.3Mb
Flavors: r-release-macos-arm64, r-release-macos-x86_64, r-oldrel-macos-arm64, r-oldrel-macos-x86_64